Last updated on 2025-02-16 10:50:41 CET.
Flavor | Version | Tinstall | Tcheck | Ttotal | Status | Flags |
---|---|---|---|---|---|---|
r-devel-linux-x86_64-debian-clang | 1.1.2 | 33.45 | 66.99 | 100.44 | OK | |
r-devel-linux-x86_64-debian-gcc | 1.1.2 | 19.93 | 47.08 | 67.01 | OK | |
r-devel-linux-x86_64-fedora-clang | 1.1.2 | 151.54 | OK | |||
r-devel-linux-x86_64-fedora-gcc | 1.1.2 | 149.43 | OK | |||
r-devel-macos-arm64 | 1.1.2 | 64.00 | OK | |||
r-devel-macos-x86_64 | 1.1.2 | 169.00 | OK | |||
r-devel-windows-x86_64 | 1.1.2 | 39.00 | 104.00 | 143.00 | OK | |
r-patched-linux-x86_64 | 1.1.2 | 31.69 | 64.87 | 96.56 | OK | |
r-release-linux-x86_64 | 1.1.2 | 30.99 | 67.19 | 98.18 | OK | |
r-release-macos-arm64 | 1.1.2 | 61.00 | NOTE | |||
r-release-macos-x86_64 | 1.1.2 | 94.00 | OK | |||
r-release-windows-x86_64 | 1.1.2 | 41.00 | 96.00 | 137.00 | OK | |
r-oldrel-macos-arm64 | 1.1.2 | 88.00 | OK | |||
r-oldrel-macos-x86_64 | 1.1.2 | 204.00 | OK | |||
r-oldrel-windows-x86_64 | 1.1.2 | 52.00 | 125.00 | 177.00 | OK |
Version: 1.1.2
Check: installed package size
Result: NOTE
installed size is 5.0Mb
sub-directories of 1Mb or more:
data 4.5Mb
Flavor: r-release-macos-arm64
These binaries (installable software) and packages are in development.
They may not be fully stable and should be used with caution. We make no claims about them.