CRAN Package Check Results for Package asylum

Last updated on 2025-05-08 04:51:59 CEST.

Flavor Version Tinstall Tcheck Ttotal Status Flags
r-devel-linux-x86_64-debian-clang 1.1.2 32.37 68.56 100.93 OK
r-devel-linux-x86_64-debian-gcc 1.1.2 22.37 49.75 72.12 OK
r-devel-linux-x86_64-fedora-clang 1.1.2 161.82 OK
r-devel-linux-x86_64-fedora-gcc 1.1.2 155.65 OK
r-devel-windows-x86_64 1.1.2 40.00 102.00 142.00 OK
r-patched-linux-x86_64 1.1.2 35.92 65.79 101.71 OK
r-release-linux-x86_64 1.1.2 31.65 67.40 99.05 OK
r-release-macos-arm64 1.1.2 67.00 OK
r-release-macos-x86_64 1.1.2 173.00 OK
r-release-windows-x86_64 1.1.2 39.00 107.00 146.00 OK
r-oldrel-macos-arm64 1.1.2 61.00 NOTE
r-oldrel-macos-x86_64 1.1.2 94.00 OK
r-oldrel-windows-x86_64 1.1.2 41.00 96.00 137.00 OK

Check Details

Version: 1.1.2
Check: installed package size
Result: NOTE installed size is 5.0Mb sub-directories of 1Mb or more: data 4.5Mb Flavor: r-oldrel-macos-arm64

These binaries (installable software) and packages are in development.
They may not be fully stable and should be used with caution. We make no claims about them.