Last updated on 2025-10-09 21:50:10 CEST.
Flavor | Version | Tinstall | Tcheck | Ttotal | Status | Flags |
---|---|---|---|---|---|---|
r-devel-linux-x86_64-debian-clang | 1.1.2 | 33.76 | 72.45 | 106.21 | OK | |
r-devel-linux-x86_64-debian-gcc | 1.1.2 | 22.02 | 52.29 | 74.31 | OK | |
r-devel-linux-x86_64-fedora-clang | 1.1.2 | 149.16 | OK | |||
r-devel-linux-x86_64-fedora-gcc | 1.1.2 | 161.37 | OK | |||
r-devel-windows-x86_64 | 1.1.2 | 39.00 | 100.00 | 139.00 | OK | |
r-patched-linux-x86_64 | 1.1.2 | 39.90 | 70.30 | 110.20 | OK | |
r-release-linux-x86_64 | 1.1.2 | 31.44 | 69.65 | 101.09 | OK | |
r-release-macos-arm64 | 1.1.2 | 67.00 | OK | |||
r-release-macos-x86_64 | 1.1.2 | 173.00 | OK | |||
r-release-windows-x86_64 | 1.1.2 | 39.00 | 107.00 | 146.00 | OK | |
r-oldrel-macos-arm64 | 1.1.2 | 61.00 | NOTE | |||
r-oldrel-macos-x86_64 | 1.1.2 | 94.00 | OK | |||
r-oldrel-windows-x86_64 | 1.1.2 | 41.00 | 96.00 | 137.00 | OK |
Version: 1.1.2
Check: installed package size
Result: NOTE
installed size is 5.0Mb
sub-directories of 1Mb or more:
data 4.5Mb
Flavor: r-oldrel-macos-arm64
These binaries (installable software) and packages are in development.
They may not be fully stable and should be used with caution. We make no claims about them.