Last updated on 2025-05-02 06:49:28 CEST.
Flavor | Version | Tinstall | Tcheck | Ttotal | Status | Flags |
---|---|---|---|---|---|---|
r-devel-linux-x86_64-debian-clang | 0.1 | 1.64 | 24.80 | 26.44 | NOTE | |
r-devel-linux-x86_64-debian-gcc | 0.1 | 1.45 | 20.36 | 21.81 | NOTE | |
r-devel-linux-x86_64-fedora-clang | 0.1 | 37.32 | OK | |||
r-devel-linux-x86_64-fedora-gcc | 0.1 | 35.93 | OK | |||
r-devel-windows-x86_64 | 0.1 | 2.00 | 51.00 | 53.00 | OK | |
r-patched-linux-x86_64 | 0.1 | 1.70 | 22.47 | 24.17 | OK | |
r-release-linux-x86_64 | OK | |||||
r-release-macos-arm64 | 0.1 | 17.00 | OK | |||
r-release-macos-x86_64 | 0.1 | 27.00 | OK | |||
r-release-windows-x86_64 | 0.1 | 4.00 | 52.00 | 56.00 | OK | |
r-oldrel-macos-arm64 | 0.1 | 22.00 | OK | |||
r-oldrel-macos-x86_64 | 0.1 | 22.00 | OK | |||
r-oldrel-windows-x86_64 | 0.1 | 3.00 | 48.00 | 51.00 | OK |
Version: 0.1
Check: CRAN incoming feasibility
Result: NOTE
Maintainer: ‘Richard M. Single <rsingle@uvm.edu>’
No Authors@R field in DESCRIPTION.
Please add one, modifying
Authors@R: person(given = c("Richard", "M."),
family = "Single",
role = c("aut", "cre"),
email = "rsingle@uvm.edu")
as necessary.
Package CITATION file contains call(s) to old-style personList() or
as.personList(). Please use c() on person objects instead.
Package CITATION file contains call(s) to old-style citEntry(). Please
use bibentry() instead.
Flavors: r-devel-linux-x86_64-debian-clang, r-devel-linux-x86_64-debian-gcc
Version: 0.1
Check: examples
Result: NOTE
Examples with CPU (user + system) or elapsed time > 5s
user system elapsed
compute.ALD 4.002 0.265 5.077
Flavor: r-devel-linux-x86_64-debian-clang
These binaries (installable software) and packages are in development.
They may not be fully stable and should be used with caution. We make no claims about them.