Last updated on 2025-05-08 04:51:59 CEST.
Flavor | Version | Tinstall | Tcheck | Ttotal | Status | Flags |
---|---|---|---|---|---|---|
r-devel-linux-x86_64-debian-clang | 0.1.4 | 1.94 | 21.35 | 23.29 | NOTE | |
r-devel-linux-x86_64-debian-gcc | 0.1.4 | 1.39 | 17.16 | 18.55 | NOTE | |
r-devel-linux-x86_64-fedora-clang | 0.1.4 | 34.78 | OK | |||
r-devel-linux-x86_64-fedora-gcc | 0.1.4 | 33.00 | OK | |||
r-devel-windows-x86_64 | 0.1.4 | 3.00 | 44.00 | 47.00 | OK | |
r-patched-linux-x86_64 | 0.1.4 | 1.89 | 20.20 | 22.09 | OK | |
r-release-linux-x86_64 | 0.1.4 | 1.20 | 20.42 | 21.62 | OK | |
r-release-macos-arm64 | 0.1.4 | 17.00 | OK | |||
r-release-macos-x86_64 | 0.1.4 | 25.00 | OK | |||
r-release-windows-x86_64 | 0.1.4 | 3.00 | 47.00 | 50.00 | OK | |
r-oldrel-macos-arm64 | 0.1.4 | 21.00 | OK | |||
r-oldrel-macos-x86_64 | 0.1.4 | 22.00 | OK | |||
r-oldrel-windows-x86_64 | 0.1.4 | 3.00 | 42.00 | 45.00 | OK |
Version: 0.1.4
Check: CRAN incoming feasibility
Result: NOTE
Maintainer: ‘Pierre Lafaye de Micheaux <lafaye@unsw.edu.au>’
No Authors@R field in DESCRIPTION.
Please add one, modifying
Authors@R: c(person(given = "Cqls",
family = "Team",
role = "aut"),
person(given = c("Pierre", "Lafaye"),
family = "de Micheaux",
role = "cre",
email = "lafaye@unsw.edu.au"))
as necessary.
Package CITATION file contains call(s) to old-style personList() or
as.personList(). Please use c() on person objects instead.
Package CITATION file contains call(s) to old-style citEntry(). Please
use bibentry() instead.
Flavors: r-devel-linux-x86_64-debian-clang, r-devel-linux-x86_64-debian-gcc
These binaries (installable software) and packages are in development.
They may not be fully stable and should be used with caution. We make no claims about them.