Last updated on 2025-05-01 14:49:04 CEST.
Flavor | Version | Tinstall | Tcheck | Ttotal | Status | Flags |
---|---|---|---|---|---|---|
r-devel-linux-x86_64-debian-clang | 0.1.15 | 4.50 | 101.63 | 106.13 | NOTE | |
r-devel-linux-x86_64-debian-gcc | 0.1.15 | 2.16 | 72.05 | 74.21 | OK | |
r-devel-linux-x86_64-fedora-clang | 0.1.15 | 163.89 | OK | |||
r-devel-linux-x86_64-fedora-gcc | 0.1.15 | 169.34 | OK | |||
r-devel-windows-x86_64 | 0.1.15 | 6.00 | 148.00 | 154.00 | OK | |
r-patched-linux-x86_64 | 0.1.15 | 4.15 | 98.06 | 102.21 | OK | |
r-release-linux-x86_64 | OK | |||||
r-release-macos-arm64 | 0.1.15 | 64.00 | OK | |||
r-release-macos-x86_64 | 0.1.15 | 113.00 | OK | |||
r-release-windows-x86_64 | 0.1.15 | 7.00 | 148.00 | 155.00 | OK | |
r-oldrel-macos-arm64 | 0.1.15 | 71.00 | OK | |||
r-oldrel-macos-x86_64 | 0.1.15 | 160.00 | OK | |||
r-oldrel-windows-x86_64 | 0.1.15 | 7.00 | 167.00 | 174.00 | OK |
Version: 0.1.15
Check: examples
Result: NOTE
Examples with CPU (user + system) or elapsed time > 5s
user system elapsed
atable 5.66 0.374 7.671
Flavor: r-devel-linux-x86_64-debian-clang
Version: 0.1.15
Check: examples
Result: NA
user system elapsed
atable 3.74 0.236 5.075
OK
Flavor: r-devel-linux-x86_64-debian-gcc
These binaries (installable software) and packages are in development.
They may not be fully stable and should be used with caution. We make no claims about them.