Last updated on 2025-02-19 06:50:39 CET.
Flavor | Version | Tinstall | Tcheck | Ttotal | Status | Flags |
---|---|---|---|---|---|---|
r-devel-linux-x86_64-debian-clang | 0.1.1 | 23.11 | 323.50 | 346.61 | NOTE | |
r-devel-linux-x86_64-debian-gcc | 0.1.1 | 15.48 | 216.90 | 232.38 | NOTE | |
r-devel-linux-x86_64-fedora-clang | 0.1.1 | 565.71 | NOTE | |||
r-devel-linux-x86_64-fedora-gcc | 0.1.1 | 556.78 | NOTE | |||
r-devel-macos-arm64 | 0.1.1 | 162.00 | OK | |||
r-devel-macos-x86_64 | 0.1.1 | 355.00 | NOTE | |||
r-devel-windows-x86_64 | 0.1.1 | 21.00 | 270.00 | 291.00 | NOTE | |
r-patched-linux-x86_64 | 0.1.1 | 21.53 | 296.25 | 317.78 | OK | |
r-release-linux-x86_64 | 0.1.1 | 21.78 | 299.83 | 321.61 | OK | |
r-release-macos-arm64 | 0.1.1 | 142.00 | OK | |||
r-release-macos-x86_64 | 0.1.1 | 287.00 | OK | |||
r-release-windows-x86_64 | 0.1.1 | 21.00 | 254.00 | 275.00 | OK | |
r-oldrel-macos-arm64 | 0.1.1 | 135.00 | OK | |||
r-oldrel-macos-x86_64 | 0.1.1 | 241.00 | OK | |||
r-oldrel-windows-x86_64 | 0.1.1 | 27.00 | 312.00 | 339.00 | OK |
Version: 0.1.1
Check: DESCRIPTION meta-information
Result: NOTE
Missing dependency on R >= 4.1.0 because package code uses the pipe
|> or function shorthand \(...) syntax added in R 4.1.0.
File(s) using such syntax:
‘atpol_grids.R’ ‘miscRscript.r’ ‘plot_points_on_atpol.R’
Flavors: r-devel-linux-x86_64-debian-clang, r-devel-linux-x86_64-debian-gcc, r-devel-linux-x86_64-fedora-clang, r-devel-linux-x86_64-fedora-gcc, r-devel-macos-x86_64, r-devel-windows-x86_64
These binaries (installable software) and packages are in development.
They may not be fully stable and should be used with caution. We make no claims about them.