CRAN Package Check Results for Package atrrr

Last updated on 2025-05-08 04:51:59 CEST.

Flavor Version Tinstall Tcheck Ttotal Status Flags
r-devel-linux-x86_64-debian-clang 0.1.0 5.85 53.29 59.14 NOTE
r-devel-linux-x86_64-debian-gcc 0.1.0 3.90 41.53 45.43 NOTE
r-devel-linux-x86_64-fedora-clang 0.1.0 97.88 NOTE
r-devel-linux-x86_64-fedora-gcc 0.1.0 101.08 NOTE
r-devel-windows-x86_64 0.1.0 8.00 77.00 85.00 NOTE
r-patched-linux-x86_64 0.1.0 5.64 49.84 55.48 NOTE
r-release-linux-x86_64 0.1.0 5.53 50.31 55.84 NOTE
r-release-macos-arm64 0.1.0 64.00 NOTE
r-release-macos-x86_64 0.1.0 77.00 NOTE
r-release-windows-x86_64 0.1.0 9.00 75.00 84.00 NOTE
r-oldrel-macos-arm64 0.1.0 46.00 OK
r-oldrel-macos-x86_64 0.1.0 77.00 OK
r-oldrel-windows-x86_64 0.1.0 10.00 84.00 94.00 OK

Check Details

Version: 0.1.0
Check: DESCRIPTION meta-information
Result: NOTE Missing dependency on R >= 4.2.0 because package code uses the pipe placeholder syntax added in R 4.2.0. File(s) using such syntax: ‘convert.r’ Flavors: r-devel-linux-x86_64-debian-clang, r-devel-linux-x86_64-debian-gcc, r-devel-linux-x86_64-fedora-clang, r-devel-linux-x86_64-fedora-gcc, r-devel-windows-x86_64, r-patched-linux-x86_64, r-release-linux-x86_64, r-release-macos-arm64, r-release-macos-x86_64, r-release-windows-x86_64

These binaries (installable software) and packages are in development.
They may not be fully stable and should be used with caution. We make no claims about them.