CRAN Package Check Results for Package atrrr

Last updated on 2025-07-02 03:50:36 CEST.

Flavor Version Tinstall Tcheck Ttotal Status Flags
r-devel-linux-x86_64-debian-clang 0.1.0 5.81 54.60 60.41 NOTE
r-devel-linux-x86_64-debian-gcc 0.1.0 3.44 42.05 45.49 NOTE
r-devel-linux-x86_64-fedora-clang 0.1.0 91.89 NOTE
r-devel-linux-x86_64-fedora-gcc 0.1.0 101.30 NOTE
r-devel-windows-x86_64 0.1.0 8.00 78.00 86.00 NOTE
r-patched-linux-x86_64 NOTE
r-release-linux-x86_64 0.1.0 4.83 50.45 55.28 NOTE
r-release-macos-arm64 0.1.0 64.00 NOTE
r-release-macos-x86_64 0.1.0 77.00 NOTE
r-release-windows-x86_64 0.1.0 8.00 74.00 82.00 NOTE
r-oldrel-macos-arm64 0.1.0 46.00 OK
r-oldrel-macos-x86_64 0.1.0 77.00 OK
r-oldrel-windows-x86_64 0.1.0 10.00 89.00 99.00 OK

Check Details

Version: 0.1.0
Check: DESCRIPTION meta-information
Result: NOTE Missing dependency on R >= 4.2.0 because package code uses the pipe placeholder syntax added in R 4.2.0. File(s) using such syntax: ‘convert.r’ Flavors: r-devel-linux-x86_64-debian-clang, r-devel-linux-x86_64-debian-gcc, r-devel-linux-x86_64-fedora-clang, r-devel-linux-x86_64-fedora-gcc, r-devel-windows-x86_64, r-patched-linux-x86_64, r-release-linux-x86_64, r-release-macos-arm64, r-release-macos-x86_64, r-release-windows-x86_64

These binaries (installable software) and packages are in development.
They may not be fully stable and should be used with caution. We make no claims about them.