Last updated on 2025-11-11 15:50:27 CET.
| Flavor | Version | Tinstall | Tcheck | Ttotal | Status | Flags |
|---|---|---|---|---|---|---|
| r-devel-linux-x86_64-debian-clang | 0.2-1 | 3.12 | 25.44 | 28.56 | NOTE | |
| r-devel-linux-x86_64-debian-gcc | 0.2-1 | 2.10 | 20.01 | 22.11 | NOTE | |
| r-devel-linux-x86_64-fedora-clang | 0.2-1 | 17.00 | 29.72 | 46.72 | OK | |
| r-devel-linux-x86_64-fedora-gcc | 0.2-1 | 41.20 | OK | |||
| r-devel-windows-x86_64 | 0.2-1 | 6.00 | 44.00 | 50.00 | OK | |
| r-patched-linux-x86_64 | 0.2-1 | 2.73 | 24.47 | 27.20 | OK | |
| r-release-linux-x86_64 | 0.2-1 | 2.99 | 24.35 | 27.34 | OK | |
| r-release-macos-arm64 | 0.2-1 | 2.00 | 17.00 | 19.00 | OK | |
| r-release-macos-x86_64 | 0.2-1 | 3.00 | 25.00 | 28.00 | OK | |
| r-release-windows-x86_64 | 0.2-1 | 6.00 | 43.00 | 49.00 | OK | |
| r-oldrel-macos-arm64 | 0.2-1 | 1.00 | 16.00 | 17.00 | OK | |
| r-oldrel-macos-x86_64 | 0.2-1 | 2.00 | 22.00 | 24.00 | OK | |
| r-oldrel-windows-x86_64 | 0.2-1 | 1.00 | 9.00 | 10.00 | ERROR |
Version: 0.2-1
Check: CRAN incoming feasibility
Result: NOTE
Maintainer: ‘Dai Feng <daifeng.stat@gmail.com>’
No Authors@R field in DESCRIPTION.
Please add one, modifying
Authors@R: c(person(given = "Dai",
family = "Feng",
role = c("aut", "cre"),
email = "daifeng.stat@gmail.com"),
person(given = "Damjan",
family = "Manevski",
role = "auc"),
person(given = c("Maja", "Pohar"),
family = "Perme",
role = "auc"))
as necessary.
Flavors: r-devel-linux-x86_64-debian-clang, r-devel-linux-x86_64-debian-gcc
Version: 0.2-1
Check: package dependencies
Result: ERROR
Package required but not available: 'MBESS'
See section 'The DESCRIPTION file' in the 'Writing R Extensions'
manual.
Flavor: r-oldrel-windows-x86_64
These binaries (installable software) and packages are in development.
They may not be fully stable and should be used with caution. We make no claims about them.