CRAN Package Check Results for Package auctestr

Last updated on 2025-05-02 04:49:29 CEST.

Flavor Version Tinstall Tcheck Ttotal Status Flags
r-devel-linux-x86_64-debian-clang 1.0.0 3.82 38.36 42.18 NOTE
r-devel-linux-x86_64-debian-gcc 1.0.0 2.72 29.59 32.31 NOTE
r-devel-linux-x86_64-fedora-clang 1.0.0 67.59 NOTE
r-devel-linux-x86_64-fedora-gcc 1.0.0 77.24 NOTE
r-devel-windows-x86_64 1.0.0 5.00 57.00 62.00 OK
r-patched-linux-x86_64 1.0.0 4.23 36.55 40.78 OK
r-release-linux-x86_64 OK
r-release-macos-arm64 1.0.0 31.00 OK
r-release-macos-x86_64 1.0.0 53.00 OK
r-release-windows-x86_64 1.0.0 6.00 63.00 69.00 OK
r-oldrel-macos-arm64 1.0.0 30.00 OK
r-oldrel-macos-x86_64 1.0.0 44.00 OK
r-oldrel-windows-x86_64 1.0.0 7.00 66.00 73.00 OK

Check Details

Version: 1.0.0
Check: CRAN incoming feasibility
Result: NOTE Maintainer: ‘Josh Gardner <jpgard@umich.edu>’ Package CITATION file contains call(s) to old-style personList() or as.personList(). Please use c() on person objects instead. Package CITATION file contains call(s) to old-style citEntry(). Please use bibentry() instead. Flavors: r-devel-linux-x86_64-debian-clang, r-devel-linux-x86_64-debian-gcc

Version: 1.0.0
Check: dependencies in R code
Result: NOTE Namespace in Imports field not imported from: ‘tidyr’ All declared Imports should be used. Flavors: r-devel-linux-x86_64-fedora-clang, r-devel-linux-x86_64-fedora-gcc

These binaries (installable software) and packages are in development.
They may not be fully stable and should be used with caution. We make no claims about them.