CRAN Package Check Results for Package audiometry

Last updated on 2025-10-03 05:53:25 CEST.

Flavor Version Tinstall Tcheck Ttotal Status Flags
r-devel-linux-x86_64-debian-clang 0.3.0 4.90 76.45 81.35 NOTE
r-devel-linux-x86_64-debian-gcc 0.3.0 3.64 56.25 59.89 NOTE
r-devel-linux-x86_64-fedora-clang 0.3.0 122.75 NOTE
r-devel-linux-x86_64-fedora-gcc 0.3.0 136.42 NOTE
r-devel-windows-x86_64 0.3.0 6.00 86.00 92.00 NOTE
r-patched-linux-x86_64 0.3.0 4.44 72.56 77.00 NOTE
r-release-linux-x86_64 0.3.0 4.11 72.21 76.32 NOTE
r-release-macos-arm64 0.3.0 67.00 NOTE
r-release-macos-x86_64 0.3.0 66.00 NOTE
r-release-windows-x86_64 0.3.0 8.00 86.00 94.00 NOTE
r-oldrel-macos-arm64 0.3.0 38.00 OK
r-oldrel-macos-x86_64 0.3.0 57.00 OK
r-oldrel-windows-x86_64 0.3.0 9.00 103.00 112.00 OK

Check Details

Version: 0.3.0
Check: CRAN incoming feasibility
Result: NOTE Maintainer: ‘Bernhard Lehnert <bernhard.lehnert@med.uni-greifswald.de>’ No Authors@R field in DESCRIPTION. Please add one, modifying Authors@R: person(given = "Bernhard", family = "Lehnert", role = c("aut", "cre"), email = "bernhard.lehnert@med.uni-greifswald.de") as necessary. Flavors: r-devel-linux-x86_64-debian-clang, r-devel-linux-x86_64-debian-gcc

Version: 0.3.0
Check: DESCRIPTION meta-information
Result: NOTE Missing dependency on R >= 4.1.0 because package code uses the pipe |> or function shorthand \(...) syntax added in R 4.1.0. File(s) using such syntax: ‘gg_freiburg.Rd’ Flavors: r-devel-linux-x86_64-debian-clang, r-devel-linux-x86_64-debian-gcc, r-devel-linux-x86_64-fedora-clang, r-devel-linux-x86_64-fedora-gcc, r-devel-windows-x86_64, r-patched-linux-x86_64, r-release-linux-x86_64, r-release-macos-arm64, r-release-macos-x86_64, r-release-windows-x86_64

These binaries (installable software) and packages are in development.
They may not be fully stable and should be used with caution. We make no claims about them.