Last updated on 2024-07-27 15:50:11 CEST.
Flavor | Version | Tinstall | Tcheck | Ttotal | Status | Flags |
---|---|---|---|---|---|---|
r-devel-linux-x86_64-debian-clang | 2.0.1 | 19.62 | 152.24 | 171.86 | OK | |
r-devel-linux-x86_64-debian-gcc | 2.0.1 | OK | ||||
r-devel-linux-x86_64-fedora-clang | 2.0.1 | 214.26 | NOTE | |||
r-devel-linux-x86_64-fedora-gcc | 2.0.1 | 198.42 | NOTE | |||
r-devel-windows-x86_64 | 2.0.1 | 16.00 | 112.00 | 128.00 | OK | |
r-patched-linux-x86_64 | 2.0.1 | OK | ||||
r-release-linux-x86_64 | 2.0.1 | 13.17 | 145.61 | 158.78 | OK | |
r-release-macos-arm64 | 2.0.1 | 54.00 | OK | |||
r-release-macos-x86_64 | 2.0.1 | 88.00 | OK | |||
r-release-windows-x86_64 | 2.0.1 | 17.00 | 113.00 | 130.00 | OK | |
r-oldrel-macos-arm64 | 2.0.1 | 59.00 | OK | |||
r-oldrel-macos-x86_64 | 2.0.1 | 95.00 | OK | |||
r-oldrel-windows-x86_64 | 2.0.1 | 22.00 | 141.00 | 163.00 | OK |
Version: 2.0.1
Check: data for non-ASCII characters
Result: NOTE
Note: found 1 marked UTF-8 string
Flavors: r-devel-linux-x86_64-fedora-clang, r-devel-linux-x86_64-fedora-gcc
These binaries (installable software) and packages are in development.
They may not be fully stable and should be used with caution. We make no claims about them.