CRAN Package Check Results for Package audrex

Last updated on 2025-10-24 11:50:41 CEST.

Flavor Version Tinstall Tcheck Ttotal Status Flags
r-devel-linux-x86_64-debian-clang 2.0.1 16.46 137.63 154.09 NOTE
r-devel-linux-x86_64-debian-gcc 2.0.1 13.28 96.23 109.51 NOTE
r-devel-linux-x86_64-fedora-clang 2.0.1 39.00 196.64 235.64 OK
r-devel-linux-x86_64-fedora-gcc 2.0.1 36.00 190.84 226.84 OK
r-devel-windows-x86_64 2.0.1 18.00 119.00 137.00 OK
r-patched-linux-x86_64 2.0.1 15.99 127.81 143.80 OK
r-release-linux-x86_64 2.0.1 15.14 129.89 145.03 OK
r-release-macos-arm64 2.0.1 7.00 46.00 53.00 OK
r-release-macos-x86_64 2.0.1 14.00 115.00 129.00 OK
r-release-windows-x86_64 2.0.1 20.00 121.00 141.00 OK
r-oldrel-macos-arm64 2.0.1 7.00 47.00 54.00 OK
r-oldrel-macos-x86_64 2.0.1 11.00 77.00 88.00 OK
r-oldrel-windows-x86_64 2.0.1 25.00 163.00 188.00 OK

Check Details

Version: 2.0.1
Check: CRAN incoming feasibility
Result: NOTE Maintainer: ‘Giancarlo Vercellino <giancarlo.vercellino@gmail.com>’ No Authors@R field in DESCRIPTION. Please add one, modifying Authors@R: person(given = "Giancarlo", family = "Vercellino", role = c("aut", "cre"), email = "giancarlo.vercellino@gmail.com") as necessary. Flavors: r-devel-linux-x86_64-debian-clang, r-devel-linux-x86_64-debian-gcc

These binaries (installable software) and packages are in development.
They may not be fully stable and should be used with caution. We make no claims about them.