Last updated on 2025-02-19 06:50:39 CET.
Flavor | Version | Tinstall | Tcheck | Ttotal | Status | Flags |
---|---|---|---|---|---|---|
r-devel-linux-x86_64-debian-clang | 2.0.1 | 16.96 | 118.80 | 135.76 | OK | |
r-devel-linux-x86_64-debian-gcc | 2.0.1 | 12.56 | 91.11 | 103.67 | OK | |
r-devel-linux-x86_64-fedora-clang | 2.0.1 | 220.58 | OK | |||
r-devel-linux-x86_64-fedora-gcc | 2.0.1 | 211.35 | OK | |||
r-devel-macos-arm64 | 2.0.1 | 54.00 | OK | |||
r-devel-macos-x86_64 | 2.0.1 | 129.00 | OK | |||
r-devel-windows-x86_64 | 2.0.1 | 16.00 | 112.00 | 128.00 | OK | |
r-patched-linux-x86_64 | 2.0.1 | 14.92 | 109.64 | 124.56 | OK | |
r-release-linux-x86_64 | 2.0.1 | 15.51 | 109.77 | 125.28 | OK | |
r-release-macos-arm64 | 2.0.1 | 54.00 | OK | |||
r-release-macos-x86_64 | 2.0.1 | 88.00 | OK | |||
r-release-windows-x86_64 | 2.0.1 | 16.00 | 3.00 | 19.00 | FAIL | |
r-oldrel-macos-arm64 | 2.0.1 | 59.00 | OK | |||
r-oldrel-macos-x86_64 | 2.0.1 | 95.00 | OK | |||
r-oldrel-windows-x86_64 | 2.0.1 | 22.00 | 128.00 | 150.00 | OK |
Version: 2.0.1
Check: package dependencies
Result: FAIL
Flavor: r-release-windows-x86_64
These binaries (installable software) and packages are in development.
They may not be fully stable and should be used with caution. We make no claims about them.