CRAN Package Check Results for Package audubon

Last updated on 2025-10-23 11:50:07 CEST.

Flavor Version Tinstall Tcheck Ttotal Status Flags
r-devel-linux-x86_64-debian-clang 0.5.2 4.08 50.04 54.12 NOTE
r-devel-linux-x86_64-debian-gcc 0.5.2 2.86 38.03 40.89 NOTE
r-devel-linux-x86_64-fedora-clang 0.5.2 17.00 67.54 84.54 NOTE
r-devel-linux-x86_64-fedora-gcc 0.5.2 76.85 NOTE
r-devel-windows-x86_64 0.5.2 7.00 65.00 72.00 NOTE
r-patched-linux-x86_64 0.5.2 4.32 46.29 50.61 NOTE
r-release-linux-x86_64 0.5.2 3.80 46.60 50.40 NOTE
r-release-macos-arm64 0.5.2 2.00 26.00 28.00 NOTE
r-release-macos-x86_64 0.5.2 4.00 44.00 48.00 NOTE
r-release-windows-x86_64 0.5.2 8.00 68.00 76.00 NOTE
r-oldrel-macos-arm64 0.5.2 3.00 27.00 30.00 OK
r-oldrel-macos-x86_64 0.5.2 3.00 38.00 41.00 OK
r-oldrel-windows-x86_64 0.5.2 9.00 86.00 95.00 OK

Check Details

Version: 0.5.2
Check: DESCRIPTION meta-information
Result: NOTE Missing dependency on R >= 4.1.0 because package code uses the pipe |> or function shorthand \(...) syntax added in R 4.1.0. File(s) using such syntax: ‘bind_lr.Rd’ ‘lex_density.Rd’ Flavors: r-devel-linux-x86_64-debian-clang, r-devel-linux-x86_64-debian-gcc, r-devel-linux-x86_64-fedora-clang, r-devel-linux-x86_64-fedora-gcc, r-devel-windows-x86_64, r-patched-linux-x86_64, r-release-linux-x86_64, r-release-macos-arm64, r-release-macos-x86_64, r-release-windows-x86_64

These binaries (installable software) and packages are in development.
They may not be fully stable and should be used with caution. We make no claims about them.