Last updated on 2025-05-01 12:49:22 CEST.
Flavor | Version | Tinstall | Tcheck | Ttotal | Status | Flags |
---|---|---|---|---|---|---|
r-devel-linux-x86_64-debian-clang | 0.5.2 | 3.88 | 48.54 | 52.42 | NOTE | |
r-devel-linux-x86_64-debian-gcc | 0.5.2 | 2.75 | 38.67 | 41.42 | NOTE | |
r-devel-linux-x86_64-fedora-clang | 0.5.2 | 80.21 | NOTE | |||
r-devel-linux-x86_64-fedora-gcc | 0.5.2 | 75.87 | NOTE | |||
r-devel-windows-x86_64 | 0.5.2 | 6.00 | 73.00 | 79.00 | NOTE | |
r-patched-linux-x86_64 | 0.5.2 | 4.83 | 45.62 | 50.45 | NOTE | |
r-release-linux-x86_64 | NOTE | |||||
r-release-macos-arm64 | 0.5.2 | 28.00 | NOTE | |||
r-release-macos-x86_64 | 0.5.2 | 48.00 | NOTE | |||
r-release-windows-x86_64 | 0.5.2 | 6.00 | 76.00 | 82.00 | NOTE | |
r-oldrel-macos-arm64 | 0.5.2 | 30.00 | OK | |||
r-oldrel-macos-x86_64 | 0.5.2 | 41.00 | OK | |||
r-oldrel-windows-x86_64 | 0.5.2 | 8.00 | 76.00 | 84.00 | OK |
Version: 0.5.2
Check: DESCRIPTION meta-information
Result: NOTE
Missing dependency on R >= 4.1.0 because package code uses the pipe
|> or function shorthand \(...) syntax added in R 4.1.0.
File(s) using such syntax:
‘bind_lr.Rd’ ‘lex_density.Rd’
Flavors: r-devel-linux-x86_64-debian-clang, r-devel-linux-x86_64-debian-gcc, r-devel-linux-x86_64-fedora-clang, r-devel-linux-x86_64-fedora-gcc, r-devel-windows-x86_64, r-patched-linux-x86_64, r-release-linux-x86_64, r-release-macos-arm64, r-release-macos-x86_64, r-release-windows-x86_64
These binaries (installable software) and packages are in development.
They may not be fully stable and should be used with caution. We make no claims about them.