Last updated on 2025-10-23 17:50:41 CEST.
Flavor | Version | Tinstall | Tcheck | Ttotal | Status | Flags |
---|---|---|---|---|---|---|
r-devel-linux-x86_64-debian-clang | 3.7.4 | 39.11 | 39.68 | 78.79 | NOTE | |
r-devel-linux-x86_64-debian-gcc | 3.7.4 | 27.05 | 30.14 | 57.19 | NOTE | |
r-devel-linux-x86_64-fedora-clang | 3.7.4 | 104.00 | 43.87 | 147.87 | OK | |
r-devel-linux-x86_64-fedora-gcc | 3.7.4 | 74.00 | 59.12 | 133.12 | OK | |
r-devel-windows-x86_64 | 3.7.4 | 45.00 | 74.00 | 119.00 | OK | |
r-patched-linux-x86_64 | 3.7.4 | 40.43 | 38.21 | 78.64 | OK | |
r-release-linux-x86_64 | 3.7.4 | 38.87 | 37.86 | 76.73 | OK | |
r-release-macos-arm64 | 3.7.4 | 15.00 | 21.00 | 36.00 | OK | |
r-release-macos-x86_64 | 3.7.4 | 15.00 | 38.00 | 53.00 | OK | |
r-release-windows-x86_64 | 3.7.4 | 44.00 | 75.00 | 119.00 | OK | |
r-oldrel-macos-arm64 | 3.7.4 | 13.00 | 25.00 | 38.00 | OK | |
r-oldrel-macos-x86_64 | 3.7.4 | 15.00 | 30.00 | 45.00 | OK | |
r-oldrel-windows-x86_64 | 3.7.4 | 47.00 | 89.00 | 136.00 | OK |
Version: 3.7.4
Check: CRAN incoming feasibility
Result: NOTE
Maintainer: ‘Qihuang Zhang <qihuang.zhang@uwaterloo.ca>’
No Authors@R field in DESCRIPTION.
Please add one, modifying
Authors@R: c(person(given = "Qihuang",
family = "Zhang",
role = c("aut", "cre"),
email = "qihuang.zhang@uwaterloo.ca"),
person(given = c("Grace", "Y."),
family = "Yi",
role = "aut",
email = "yyi@uwaterloo.ca"))
as necessary.
Flavors: r-devel-linux-x86_64-debian-clang, r-devel-linux-x86_64-debian-gcc
These binaries (installable software) and packages are in development.
They may not be fully stable and should be used with caution. We make no claims about them.