Last updated on 2025-07-21 15:50:56 CEST.
Flavor | Version | Tinstall | Tcheck | Ttotal | Status | Flags |
---|---|---|---|---|---|---|
r-devel-linux-x86_64-debian-clang | 3.7.4 | 40.50 | 37.80 | 78.30 | NOTE | |
r-devel-linux-x86_64-debian-gcc | 3.7.4 | 29.28 | 28.82 | 58.10 | NOTE | |
r-devel-linux-x86_64-fedora-clang | 3.7.4 | 146.81 | OK | |||
r-devel-linux-x86_64-fedora-gcc | 3.7.4 | 135.02 | OK | |||
r-devel-windows-x86_64 | 3.7.4 | 43.00 | 73.00 | 116.00 | OK | |
r-patched-linux-x86_64 | 3.7.4 | 41.32 | 36.00 | 77.32 | OK | |
r-release-linux-x86_64 | 3.7.4 | 42.26 | 35.80 | 78.06 | OK | |
r-release-macos-arm64 | 3.7.4 | 36.00 | OK | |||
r-release-macos-x86_64 | 3.7.4 | 53.00 | OK | |||
r-release-windows-x86_64 | 3.7.4 | 45.00 | 78.00 | 123.00 | OK | |
r-oldrel-macos-arm64 | 3.7.4 | 38.00 | OK | |||
r-oldrel-macos-x86_64 | 3.7.4 | 45.00 | OK | |||
r-oldrel-windows-x86_64 | 3.7.4 | 45.00 | 90.00 | 135.00 | OK |
Version: 3.7.4
Check: CRAN incoming feasibility
Result: NOTE
Maintainer: ‘Qihuang Zhang <qihuang.zhang@uwaterloo.ca>’
No Authors@R field in DESCRIPTION.
Please add one, modifying
Authors@R: c(person(given = "Qihuang",
family = "Zhang",
role = c("aut", "cre"),
email = "qihuang.zhang@uwaterloo.ca"),
person(given = c("Grace", "Y."),
family = "Yi",
role = "aut",
email = "yyi@uwaterloo.ca"))
as necessary.
Flavors: r-devel-linux-x86_64-debian-clang, r-devel-linux-x86_64-debian-gcc
These binaries (installable software) and packages are in development.
They may not be fully stable and should be used with caution. We make no claims about them.