Last updated on 2025-07-02 01:51:32 CEST.
Flavor | Version | Tinstall | Tcheck | Ttotal | Status | Flags |
---|---|---|---|---|---|---|
r-devel-linux-x86_64-debian-clang | 0.1.7 | 16.46 | 174.95 | 191.41 | NOTE | |
r-devel-linux-x86_64-debian-gcc | 0.1.7 | 10.34 | 126.74 | 137.08 | NOTE | |
r-devel-linux-x86_64-fedora-clang | 0.1.7 | 296.54 | OK | |||
r-devel-linux-x86_64-fedora-gcc | 0.1.7 | 293.01 | OK | |||
r-devel-windows-x86_64 | 0.1.7 | 18.00 | 214.00 | 232.00 | OK | |
r-patched-linux-x86_64 | OK | |||||
r-release-linux-x86_64 | 0.1.7 | 16.88 | 163.46 | 180.34 | OK | |
r-release-macos-arm64 | 0.1.7 | 136.00 | OK | |||
r-release-macos-x86_64 | 0.1.7 | 164.00 | OK | |||
r-release-windows-x86_64 | 0.1.7 | 20.00 | 207.00 | 227.00 | OK | |
r-oldrel-macos-arm64 | 0.1.7 | 89.00 | OK | |||
r-oldrel-macos-x86_64 | 0.1.7 | 150.00 | OK | |||
r-oldrel-windows-x86_64 | 0.1.7 | 22.00 | 241.00 | 263.00 | OK |
Version: 0.1.7
Check: DESCRIPTION meta-information
Result: NOTE
Author field differs from that derived from Authors@R
Author: ‘J. Aravind [aut, cre] (<https://orcid.org/0000-0002-4791-442X>), S. Mukesh Sankar [aut] (<https://orcid.org/0000-0001-5459-392X>), Dhammaprakash Pandhari Wankhede [aut] (<https://orcid.org/0000-0001-6384-8664>), Vikender Kaur [aut] (<https://orcid.org/0000-0001-9698-7329>), ICAR-NBGPR [cph] (www.nbpgr.ernet.in)’
Authors@R: ‘J. Aravind [aut, cre] (ORCID: <https://orcid.org/0000-0002-4791-442X>), S. Mukesh Sankar [aut] (ORCID: <https://orcid.org/0000-0001-5459-392X>), Dhammaprakash Pandhari Wankhede [aut] (ORCID: <https://orcid.org/0000-0001-6384-8664>), Vikender Kaur [aut] (ORCID: <https://orcid.org/0000-0001-9698-7329>), ICAR-NBGPR [cph] (url: www.nbpgr.ernet.in)’
Flavors: r-devel-linux-x86_64-debian-clang, r-devel-linux-x86_64-debian-gcc
These binaries (installable software) and packages are in development.
They may not be fully stable and should be used with caution. We make no claims about them.