Last updated on 2025-05-01 08:52:27 CEST.
Flavor | Version | Tinstall | Tcheck | Ttotal | Status | Flags |
---|---|---|---|---|---|---|
r-devel-linux-x86_64-debian-clang | 2024.6.19 | 14.84 | 78.50 | 93.34 | NOTE | |
r-devel-linux-x86_64-debian-gcc | 2024.6.19 | 11.52 | 55.01 | 66.53 | OK | |
r-devel-linux-x86_64-fedora-clang | 2024.6.19 | 140.90 | OK | |||
r-devel-linux-x86_64-fedora-gcc | 2024.6.19 | 146.43 | OK | |||
r-devel-windows-x86_64 | 2024.6.19 | 18.00 | 105.00 | 123.00 | OK | |
r-patched-linux-x86_64 | 2024.6.19 | 15.40 | 65.85 | 81.25 | OK | |
r-release-linux-x86_64 | OK | |||||
r-release-macos-arm64 | 2024.6.19 | 51.00 | OK | |||
r-release-macos-x86_64 | 2024.6.19 | 98.00 | OK | |||
r-release-windows-x86_64 | 2024.6.19 | 19.00 | 109.00 | 128.00 | OK | |
r-oldrel-macos-arm64 | 2024.6.19 | 50.00 | OK | |||
r-oldrel-macos-x86_64 | 2024.6.19 | 186.00 | OK | |||
r-oldrel-windows-x86_64 | 2024.6.19 | 18.00 | 120.00 | 138.00 | OK |
Version: 2024.6.19
Check: examples
Result: NOTE
Examples with CPU (user + system) or elapsed time > 5s
user system elapsed
aum_diffs_penalty 4.244 0.066 5.619
aum_linear_model_cv 3.823 0.067 5.307
Flavor: r-devel-linux-x86_64-debian-clang
These binaries (installable software) and packages are in development.
They may not be fully stable and should be used with caution. We make no claims about them.