CRAN Package Check Results for Package ausplotsR

Last updated on 2025-11-11 15:50:27 CET.

Flavor Version Tinstall Tcheck Ttotal Status Flags
r-devel-linux-x86_64-debian-clang 2.0.5 12.89 236.47 249.36 OK
r-devel-linux-x86_64-debian-gcc 2.0.5 10.32 160.10 170.42 OK
r-devel-linux-x86_64-fedora-clang 2.0.5 58.00 371.15 429.15 OK
r-devel-linux-x86_64-fedora-gcc 2.0.5 28.00 383.27 411.27 OK
r-devel-windows-x86_64 2.0.5 17.00 344.00 361.00 OK
r-patched-linux-x86_64 2.0.5 14.07 0.01 14.08 FAIL
r-release-linux-x86_64 2.0.5 11.98 225.06 237.04 OK
r-release-macos-arm64 2.0.5 10.00 207.00 217.00 OK
r-release-macos-x86_64 2.0.5 11.00 228.00 239.00 OK
r-release-windows-x86_64 2.0.5 17.00 794.00 811.00 OK
r-oldrel-macos-arm64 2.0.5 6.00 130.00 136.00 OK
r-oldrel-macos-x86_64 2.0.5 9.00 78.00 87.00 OK
r-oldrel-windows-x86_64 2.0.5 23.00 601.00 624.00 OK

Check Details

Version: 2.0.5
Check: re-building of vignette outputs
Result: FAIL
Flavor: r-patched-linux-x86_64

These binaries (installable software) and packages are in development.
They may not be fully stable and should be used with caution. We make no claims about them.