CRAN Package Check Results for Package auth0

Last updated on 2025-10-23 17:50:41 CEST.

Flavor Version Tinstall Tcheck Ttotal Status Flags
r-devel-linux-x86_64-debian-clang 0.2.3 2.02 24.07 26.09 NOTE
r-devel-linux-x86_64-debian-gcc 0.2.3 1.66 20.15 21.81 OK
r-devel-linux-x86_64-fedora-clang 0.2.3 41.25 OK
r-devel-linux-x86_64-fedora-gcc 0.2.3 53.05 OK
r-devel-windows-x86_64 0.2.3 5.00 44.00 49.00 OK
r-patched-linux-x86_64 0.2.3 1.77 23.22 24.99 OK
r-release-linux-x86_64 0.2.3 1.84 23.33 25.17 OK
r-release-macos-arm64 0.2.3 1.00 47.00 48.00 OK
r-release-macos-x86_64 0.2.3 2.00 38.00 40.00 OK
r-release-windows-x86_64 0.2.3 4.00 46.00 50.00 OK
r-oldrel-macos-arm64 0.2.3 1.00 23.00 24.00 OK
r-oldrel-macos-x86_64 0.2.3 2.00 39.00 41.00 OK
r-oldrel-windows-x86_64 0.2.3 5.00 50.00 55.00 OK

Check Details

Version: 0.2.3
Check: HTML version of manual
Result: NOTE Found the following HTML validation problems: shinyAuth0App.html:55:1 (shinyAuth0App.Rd:14): Warning: missing </ul> before </div> Flavor: r-devel-linux-x86_64-debian-clang

These binaries (installable software) and packages are in development.
They may not be fully stable and should be used with caution. We make no claims about them.