Last updated on 2025-02-16 10:50:41 CET.
Flavor | Version | Tinstall | Tcheck | Ttotal | Status | Flags |
---|---|---|---|---|---|---|
r-devel-linux-x86_64-debian-clang | 0.3 | 2.37 | 24.37 | 26.74 | OK | |
r-devel-linux-x86_64-debian-gcc | 0.3 | 1.85 | 19.84 | 21.69 | OK | |
r-devel-linux-x86_64-fedora-clang | 0.3 | 44.16 | OK | |||
r-devel-linux-x86_64-fedora-gcc | 0.3 | 41.26 | OK | |||
r-devel-macos-arm64 | 0.3 | 18.00 | OK | |||
r-devel-macos-x86_64 | 0.3 | 29.00 | OK | |||
r-devel-windows-x86_64 | 0.3 | 4.00 | 50.00 | 54.00 | OK | |
r-patched-linux-x86_64 | 0.3 | 2.06 | 23.54 | 25.60 | NOTE | |
r-release-linux-x86_64 | 0.3 | 2.40 | 23.12 | 25.52 | NOTE | |
r-release-macos-arm64 | 0.3 | 17.00 | NOTE | |||
r-release-macos-x86_64 | 0.3 | 25.00 | NOTE | |||
r-release-windows-x86_64 | 0.3 | 3.00 | 45.00 | 48.00 | NOTE | |
r-oldrel-macos-arm64 | 0.3 | 15.00 | NOTE | |||
r-oldrel-macos-x86_64 | 0.3 | 26.00 | NOTE | |||
r-oldrel-windows-x86_64 | 0.3 | 4.00 | 51.00 | 55.00 | NOTE |
Version: 0.3
Check: LazyData
Result: NOTE
'LazyData' is specified without a 'data' directory
Flavors: r-patched-linux-x86_64, r-release-linux-x86_64, r-release-macos-arm64, r-release-macos-x86_64, r-release-windows-x86_64, r-oldrel-macos-arm64, r-oldrel-macos-x86_64, r-oldrel-windows-x86_64
These binaries (installable software) and packages are in development.
They may not be fully stable and should be used with caution. We make no claims about them.