Last updated on 2025-11-11 15:50:27 CET.
| Flavor | Version | Tinstall | Tcheck | Ttotal | Status | Flags |
|---|---|---|---|---|---|---|
| r-devel-linux-x86_64-debian-clang | 0.1.0 | 13.57 | 90.46 | 104.03 | NOTE | |
| r-devel-linux-x86_64-debian-gcc | 0.1.0 | 9.16 | 64.09 | 73.25 | NOTE | |
| r-devel-linux-x86_64-fedora-clang | 0.1.0 | 59.00 | 107.96 | 166.96 | NOTE | |
| r-devel-linux-x86_64-fedora-gcc | 0.1.0 | 27.00 | 122.18 | 149.18 | NOTE | |
| r-devel-windows-x86_64 | 0.1.0 | 15.00 | 100.00 | 115.00 | OK | |
| r-patched-linux-x86_64 | 0.1.0 | 12.67 | 86.16 | 98.83 | OK | |
| r-release-linux-x86_64 | 0.1.0 | 11.37 | 85.88 | 97.25 | OK | |
| r-release-macos-arm64 | 0.1.0 | 7.00 | 43.00 | 50.00 | OK | |
| r-release-macos-x86_64 | 0.1.0 | 15.00 | 88.00 | 103.00 | OK | |
| r-release-windows-x86_64 | 0.1.0 | 15.00 | 99.00 | 114.00 | OK | |
| r-oldrel-macos-arm64 | 0.1.0 | 6.00 | 41.00 | 47.00 | OK | |
| r-oldrel-macos-x86_64 | 0.1.0 | 10.00 | 63.00 | 73.00 | OK | |
| r-oldrel-windows-x86_64 | 0.1.0 | 20.00 | 123.00 | 143.00 | OK |
Version: 0.1.0
Check: CRAN incoming feasibility
Result: NOTE
Maintainer: ‘Vitor Cerqueira <cerqueira.vitormanuel@gmail.com>’
The Description field contains
arXiv:1706.09367.
Please refer to arXiv e-prints via their arXiv DOI <doi:10.48550/arXiv.YYMM.NNNNN>.
Flavors: r-devel-linux-x86_64-debian-clang, r-devel-linux-x86_64-debian-gcc
Version: 0.1.0
Check: dependencies in R code
Result: NOTE
Namespace in Imports field not imported from: ‘abind’
All declared Imports should be used.
Flavors: r-devel-linux-x86_64-fedora-clang, r-devel-linux-x86_64-fedora-gcc
These binaries (installable software) and packages are in development.
They may not be fully stable and should be used with caution. We make no claims about them.