CRAN Package Check Results for Package autoBagging

Last updated on 2025-07-25 11:49:50 CEST.

Flavor Version Tinstall Tcheck Ttotal Status Flags
r-devel-linux-x86_64-debian-clang 0.1.0 12.59 88.57 101.16 NOTE
r-devel-linux-x86_64-debian-gcc 0.1.0 9.20 62.91 72.11 NOTE
r-devel-linux-x86_64-fedora-clang 0.1.0 155.35 NOTE
r-devel-linux-x86_64-fedora-gcc 0.1.0 148.36 NOTE
r-devel-windows-x86_64 0.1.0 14.00 101.00 115.00 OK
r-patched-linux-x86_64 0.1.0 13.97 83.23 97.20 OK
r-release-linux-x86_64 0.1.0 10.72 82.69 93.41 OK
r-release-macos-arm64 0.1.0 50.00 OK
r-release-macos-x86_64 0.1.0 103.00 OK
r-release-windows-x86_64 0.1.0 14.00 106.00 120.00 OK
r-oldrel-macos-arm64 0.1.0 47.00 OK
r-oldrel-macos-x86_64 0.1.0 73.00 OK
r-oldrel-windows-x86_64 0.1.0 20.00 121.00 141.00 OK

Check Details

Version: 0.1.0
Check: CRAN incoming feasibility
Result: NOTE Maintainer: ‘Vitor Cerqueira <cerqueira.vitormanuel@gmail.com>’ The Description field contains arXiv:1706.09367. Please refer to arXiv e-prints via their arXiv DOI <doi:10.48550/arXiv.YYMM.NNNNN>. Flavors: r-devel-linux-x86_64-debian-clang, r-devel-linux-x86_64-debian-gcc

Version: 0.1.0
Check: dependencies in R code
Result: NOTE Namespace in Imports field not imported from: ‘abind’ All declared Imports should be used. Flavors: r-devel-linux-x86_64-fedora-clang, r-devel-linux-x86_64-fedora-gcc

These binaries (installable software) and packages are in development.
They may not be fully stable and should be used with caution. We make no claims about them.