CRAN Package Check Results for Package autoFRK

Last updated on 2025-02-19 16:50:41 CET.

Flavor Version Tinstall Tcheck Ttotal Status Flags
r-devel-linux-x86_64-debian-clang 1.4.3 59.30 98.05 157.35 NOTE
r-devel-linux-x86_64-debian-gcc 1.4.3 44.06 73.46 117.52 NOTE
r-devel-linux-x86_64-fedora-clang 1.4.3 257.31 NOTE
r-devel-linux-x86_64-fedora-gcc 1.4.3 276.21 NOTE
r-devel-macos-arm64 1.4.3 72.00 NOTE
r-devel-macos-x86_64 1.4.3 147.00 NOTE
r-devel-windows-x86_64 1.4.3 58.00 124.00 182.00 NOTE
r-patched-linux-x86_64 1.4.3 62.91 95.80 158.71 NOTE
r-release-linux-x86_64 1.4.3 63.97 96.31 160.28 NOTE
r-release-macos-arm64 1.4.3 44.00 NOTE
r-release-macos-x86_64 1.4.3 80.00 NOTE
r-release-windows-x86_64 1.4.3 60.00 3.00 63.00 FAIL
r-oldrel-macos-arm64 1.4.3 75.00 NOTE
r-oldrel-macos-x86_64 1.4.3 124.00 NOTE
r-oldrel-windows-x86_64 1.4.3 78.00 150.00 228.00 NOTE

Check Details

Version: 1.4.3
Check: C++ specification
Result: NOTE Specified C++11: please drop specification unless essential Flavors: r-devel-linux-x86_64-debian-clang, r-devel-linux-x86_64-debian-gcc, r-devel-linux-x86_64-fedora-clang, r-devel-linux-x86_64-fedora-gcc, r-devel-macos-arm64, r-devel-macos-x86_64, r-devel-windows-x86_64, r-patched-linux-x86_64, r-release-linux-x86_64, r-release-macos-arm64, r-release-macos-x86_64, r-oldrel-macos-arm64, r-oldrel-macos-x86_64, r-oldrel-windows-x86_64

Version: 1.4.3
Check: installed package size
Result: NOTE installed size is 26.7Mb sub-directories of 1Mb or more: libs 26.5Mb Flavors: r-release-macos-arm64, r-release-macos-x86_64, r-oldrel-macos-arm64, r-oldrel-macos-x86_64

Version: 1.4.3
Check: package dependencies
Result: FAIL
Flavor: r-release-windows-x86_64

These binaries (installable software) and packages are in development.
They may not be fully stable and should be used with caution. We make no claims about them.