CRAN Package Check Results for Package autoGO

Last updated on 2025-05-21 23:48:37 CEST.

Flavor Version Tinstall Tcheck Ttotal Status Flags
r-devel-linux-x86_64-debian-clang 1.0.1 55.85 434.10 489.95 OK
r-devel-linux-x86_64-debian-gcc 1.0.1 41.48 323.57 365.05 OK
r-devel-linux-x86_64-fedora-clang 1.0.1 821.38 OK
r-devel-linux-x86_64-fedora-gcc 1.0.1 763.95 OK
r-devel-windows-x86_64 1.0.1 61.00 392.00 453.00 OK
r-patched-linux-x86_64 1.0.1 55.73 415.24 470.97 OK
r-release-linux-x86_64 1.0.1 55.41 413.65 469.06 OK
r-release-macos-arm64 1.0.1 226.00 OK
r-release-macos-x86_64 1.0.1 282.00 OK
r-release-windows-x86_64 1.0.1 62.00 375.00 437.00 OK
r-oldrel-macos-arm64 1.0.1 191.00 NOTE
r-oldrel-macos-x86_64 1.0.1 297.00 NOTE
r-oldrel-windows-x86_64 1.0.1 82.00 477.00 559.00 NOTE

Check Details

Version: 1.0.1
Check: installed package size
Result: NOTE installed size is 5.9Mb sub-directories of 1Mb or more: data 1.0Mb doc 4.0Mb Flavors: r-oldrel-macos-arm64, r-oldrel-macos-x86_64, r-oldrel-windows-x86_64

These binaries (installable software) and packages are in development.
They may not be fully stable and should be used with caution. We make no claims about them.