Last updated on 2025-05-01 12:49:22 CEST.
Flavor | Version | Tinstall | Tcheck | Ttotal | Status | Flags |
---|---|---|---|---|---|---|
r-devel-linux-x86_64-debian-clang | 0.3.3 | 20.44 | 284.58 | 305.02 | NOTE | |
r-devel-linux-x86_64-debian-gcc | 0.3.3 | 15.80 | 202.12 | 217.92 | OK | |
r-devel-linux-x86_64-fedora-clang | 0.3.3 | 494.53 | OK | |||
r-devel-linux-x86_64-fedora-gcc | 0.3.3 | 508.15 | OK | |||
r-devel-windows-x86_64 | 0.3.3 | 24.00 | 285.00 | 309.00 | OK | |
r-patched-linux-x86_64 | 0.3.3 | 20.80 | 273.14 | 293.94 | OK | |
r-release-linux-x86_64 | OK | |||||
r-release-macos-arm64 | 0.3.3 | 128.00 | OK | |||
r-release-macos-x86_64 | 0.3.3 | 245.00 | OK | |||
r-release-windows-x86_64 | 0.3.3 | 25.00 | 291.00 | 316.00 | OK | |
r-oldrel-macos-arm64 | 0.3.3 | 134.00 | OK | |||
r-oldrel-macos-x86_64 | 0.3.3 | 212.00 | OK | |||
r-oldrel-windows-x86_64 | 0.3.3 | 32.00 | 368.00 | 400.00 | OK |
Version: 0.3.3
Check: examples
Result: NOTE
Examples with CPU (user + system) or elapsed time > 5s
user system elapsed
modelPlot 4.283 0.036 6.193
Flavor: r-devel-linux-x86_64-debian-clang
These binaries (installable software) and packages are in development.
They may not be fully stable and should be used with caution. We make no claims about them.