CRAN Package Check Results for Package autoScorecard

Last updated on 2025-10-23 19:50:08 CEST.

Flavor Version Tinstall Tcheck Ttotal Status Flags
r-devel-linux-x86_64-debian-clang 0.3.0 3.17 149.69 152.86 NOTE
r-devel-linux-x86_64-debian-gcc 0.3.0 2.29 100.45 102.74 NOTE
r-devel-linux-x86_64-fedora-clang 0.3.0 234.69 NOTE
r-devel-linux-x86_64-fedora-gcc 0.3.0 243.25 NOTE
r-devel-windows-x86_64 0.3.0 5.00 165.00 170.00 NOTE
r-patched-linux-x86_64 0.3.0 2.70 141.07 143.77 NOTE
r-release-linux-x86_64 0.3.0 2.68 139.00 141.68 NOTE
r-release-macos-arm64 0.3.0 2.00 87.00 89.00 NOTE
r-release-macos-x86_64 0.3.0 3.00 126.00 129.00 NOTE
r-release-windows-x86_64 0.3.0 5.00 182.00 187.00 NOTE
r-oldrel-macos-arm64 0.3.0 1.00 64.00 65.00 NOTE
r-oldrel-macos-x86_64 0.3.0 2.00 97.00 99.00 NOTE
r-oldrel-windows-x86_64 0.3.0 7.00 195.00 202.00 NOTE

Check Details

Version: 0.3.0
Check: Rd files
Result: NOTE checkRd: (-1) noauto_scorecard.Rd:20: Lost braces; missing escapes or markup? 20 | \item{fit}{See glm {stats}.} | ^ checkRd: (-1) noauto_scorecard2.Rd:21: Lost braces; missing escapes or markup? 21 | \item{fit}{See glm {stats}.} | ^ Flavors: r-devel-linux-x86_64-debian-clang, r-devel-linux-x86_64-debian-gcc, r-devel-linux-x86_64-fedora-clang, r-devel-linux-x86_64-fedora-gcc, r-devel-windows-x86_64, r-patched-linux-x86_64, r-release-linux-x86_64, r-release-macos-arm64, r-release-macos-x86_64, r-release-windows-x86_64, r-oldrel-macos-arm64, r-oldrel-macos-x86_64, r-oldrel-windows-x86_64

These binaries (installable software) and packages are in development.
They may not be fully stable and should be used with caution. We make no claims about them.