Last updated on 2025-07-02 01:51:32 CEST.
Flavor | Version | Tinstall | Tcheck | Ttotal | Status | Flags |
---|---|---|---|---|---|---|
r-devel-linux-x86_64-debian-clang | 0.1.4 | 4.95 | 48.98 | 53.93 | OK | |
r-devel-linux-x86_64-debian-gcc | 0.1.5 | 3.25 | 37.14 | 40.39 | OK | |
r-devel-linux-x86_64-fedora-clang | 0.1.4 | 81.21 | NOTE | |||
r-devel-linux-x86_64-fedora-gcc | 0.1.5 | 83.37 | OK | |||
r-devel-windows-x86_64 | 0.1.5 | 9.00 | 79.00 | 88.00 | OK | |
r-patched-linux-x86_64 | OK | |||||
r-release-linux-x86_64 | 0.1.4 | 4.39 | 44.64 | 49.03 | OK | |
r-release-macos-arm64 | 0.1.4 | 26.00 | OK | |||
r-release-macos-x86_64 | 0.1.5 | 50.00 | OK | |||
r-release-windows-x86_64 | 0.1.4 | 6.00 | 67.00 | 73.00 | OK | |
r-oldrel-macos-arm64 | 0.1.4 | 27.00 | OK | |||
r-oldrel-macos-x86_64 | 0.1.5 | 50.00 | OK | |||
r-oldrel-windows-x86_64 | 0.1.4 | 8.00 | 77.00 | 85.00 | OK |
Version: 0.1.4
Check: dependencies in R code
Result: NOTE
Namespaces in Imports field not imported from:
‘MASS’ ‘broom’ ‘diptest’ ‘ggplot2’ ‘hexbin’ ‘moments’
All declared Imports should be used.
Flavor: r-devel-linux-x86_64-fedora-clang
These binaries (installable software) and packages are in development.
They may not be fully stable and should be used with caution. We make no claims about them.