Last updated on 2025-05-08 04:51:59 CEST.
Flavor | Version | Tinstall | Tcheck | Ttotal | Status | Flags |
---|---|---|---|---|---|---|
r-devel-linux-x86_64-debian-clang | 2.2.3 | 4.14 | 128.79 | 132.93 | NOTE | |
r-devel-linux-x86_64-debian-gcc | 2.2.3 | 3.76 | 96.78 | 100.54 | NOTE | |
r-devel-linux-x86_64-fedora-clang | 2.2.3 | 200.52 | OK | |||
r-devel-linux-x86_64-fedora-gcc | 2.2.3 | 207.91 | OK | |||
r-devel-windows-x86_64 | 2.2.3 | 6.00 | 239.00 | 245.00 | OK | |
r-patched-linux-x86_64 | 2.2.3 | 5.60 | 123.88 | 129.48 | OK | |
r-release-linux-x86_64 | 2.2.3 | 3.51 | 124.95 | 128.46 | OK | |
r-release-macos-arm64 | 2.2.3 | 95.00 | OK | |||
r-release-macos-x86_64 | 2.2.3 | 134.00 | OK | |||
r-release-windows-x86_64 | 2.2.3 | 7.00 | 220.00 | 227.00 | OK | |
r-oldrel-macos-arm64 | 2.2.3 | 60.00 | OK | |||
r-oldrel-macos-x86_64 | 2.2.3 | 102.00 | OK | |||
r-oldrel-windows-x86_64 | 2.2.3 | 7.00 | 280.00 | 287.00 | OK |
Version: 2.2.3
Check: CRAN incoming feasibility
Result: NOTE
Maintainer: ‘Joshua French <joshua.french@ucdenver.edu>’
No Authors@R field in DESCRIPTION.
Please add one, modifying
Authors@R: person(given = "Joshua",
family = "French",
role = c("aut", "cre"),
email = "joshua.french@ucdenver.edu")
as necessary.
Package CITATION file contains call(s) to old-style citEntry(). Please
use bibentry() instead.
Flavors: r-devel-linux-x86_64-debian-clang, r-devel-linux-x86_64-debian-gcc
These binaries (installable software) and packages are in development.
They may not be fully stable and should be used with caution. We make no claims about them.