Last updated on 2024-07-27 15:50:11 CEST.
Flavor | Version | Tinstall | Tcheck | Ttotal | Status | Flags |
---|---|---|---|---|---|---|
r-devel-linux-x86_64-debian-clang | 1.0.12 | 9.77 | 85.65 | 95.42 | NOTE | |
r-devel-linux-x86_64-debian-gcc | 1.0.12 | NOTE | ||||
r-devel-linux-x86_64-fedora-clang | 1.0.12 | 116.74 | NOTE | |||
r-devel-linux-x86_64-fedora-gcc | 1.0.12 | 109.43 | NOTE | |||
r-devel-windows-x86_64 | 1.0.12 | 10.00 | 144.00 | 154.00 | NOTE | |
r-patched-linux-x86_64 | 1.0.12 | NOTE | ||||
r-release-linux-x86_64 | 1.0.12 | 9.33 | 82.20 | 91.53 | NOTE | |
r-release-macos-arm64 | 1.0.12 | 32.00 | NOTE | |||
r-release-macos-x86_64 | 1.0.12 | 51.00 | NOTE | |||
r-release-windows-x86_64 | 1.0.12 | 8.00 | 147.00 | 155.00 | NOTE | |
r-oldrel-macos-arm64 | 1.0.12 | 35.00 | NOTE | |||
r-oldrel-macos-x86_64 | 1.0.12 | 59.00 | NOTE | |||
r-oldrel-windows-x86_64 | 1.0.12 | 11.00 | 122.00 | 133.00 | NOTE |
Version: 1.0.12
Check: LazyData
Result: NOTE
'LazyData' is specified without a 'data' directory
Flavors: r-devel-linux-x86_64-debian-clang, r-devel-linux-x86_64-debian-gcc, r-devel-linux-x86_64-fedora-clang, r-devel-linux-x86_64-fedora-gcc, r-devel-windows-x86_64, r-patched-linux-x86_64, r-release-linux-x86_64, r-release-macos-arm64, r-release-macos-x86_64, r-release-windows-x86_64, r-oldrel-macos-arm64, r-oldrel-macos-x86_64, r-oldrel-windows-x86_64
Version: 1.0.12
Check: Rd cross-references
Result: NOTE
Undeclared package ‘tensorflow’ in Rd xrefs
Flavor: r-devel-linux-x86_64-fedora-clang
These binaries (installable software) and packages are in development.
They may not be fully stable and should be used with caution. We make no claims about them.