Last updated on 2025-05-08 04:51:59 CEST.
Flavor | Version | Tinstall | Tcheck | Ttotal | Status | Flags |
---|---|---|---|---|---|---|
r-devel-linux-x86_64-debian-clang | 1.0.12 | 7.11 | 68.36 | 75.47 | OK | |
r-devel-linux-x86_64-debian-gcc | 1.0.12 | 5.37 | 53.08 | 58.45 | OK | |
r-devel-linux-x86_64-fedora-clang | 1.0.12 | 117.65 | OK | |||
r-devel-linux-x86_64-fedora-gcc | 1.0.12 | 109.78 | OK | |||
r-devel-windows-x86_64 | 1.0.12 | 9.00 | 138.00 | 147.00 | OK | |
r-patched-linux-x86_64 | 1.0.12 | 7.56 | 64.64 | 72.20 | OK | |
r-release-linux-x86_64 | 1.0.12 | 7.35 | 65.25 | 72.60 | OK | |
r-release-macos-arm64 | 1.0.12 | 45.00 | OK | |||
r-release-macos-x86_64 | 1.0.12 | 60.00 | OK | |||
r-release-windows-x86_64 | 1.0.12 | 10.00 | 151.00 | 161.00 | OK | |
r-oldrel-macos-arm64 | 1.0.12 | 32.00 | NOTE | |||
r-oldrel-macos-x86_64 | 1.0.12 | 51.00 | NOTE | |||
r-oldrel-windows-x86_64 | 1.0.12 | 11.00 | 127.00 | 138.00 | NOTE |
Version: 1.0.12
Check: LazyData
Result: NOTE
'LazyData' is specified without a 'data' directory
Flavors: r-oldrel-macos-arm64, r-oldrel-macos-x86_64, r-oldrel-windows-x86_64
These binaries (installable software) and packages are in development.
They may not be fully stable and should be used with caution. We make no claims about them.