CRAN Package Check Results for Package autoplotly

Last updated on 2025-07-02 03:50:36 CEST.

Flavor Version Tinstall Tcheck Ttotal Status Flags
r-devel-linux-x86_64-debian-clang 0.1.4 6.29 58.36 64.65 NOTE
r-devel-linux-x86_64-debian-gcc 0.1.4 4.87 43.28 48.15 NOTE
r-devel-linux-x86_64-fedora-clang 0.1.4 104.03 OK
r-devel-linux-x86_64-fedora-gcc 0.1.4 107.60 OK
r-devel-windows-x86_64 0.1.4 8.00 72.00 80.00 OK
r-patched-linux-x86_64 OK
r-release-linux-x86_64 0.1.4 6.04 54.30 60.34 OK
r-release-macos-arm64 0.1.4 36.00 OK
r-release-macos-x86_64 0.1.4 79.00 OK
r-release-windows-x86_64 0.1.4 10.00 71.00 81.00 OK
r-oldrel-macos-arm64 0.1.4 35.00 OK
r-oldrel-macos-x86_64 0.1.4 54.00 OK
r-oldrel-windows-x86_64 0.1.4 11.00 86.00 97.00 OK

Check Details

Version: 0.1.4
Check: CRAN incoming feasibility
Result: NOTE Maintainer: ‘Yuan Tang <terrytangyuan@gmail.com>’ Package CITATION file contains call(s) to old-style citEntry(). Please use bibentry() instead. Flavors: r-devel-linux-x86_64-debian-clang, r-devel-linux-x86_64-debian-gcc

These binaries (installable software) and packages are in development.
They may not be fully stable and should be used with caution. We make no claims about them.