Last updated on 2025-02-23 01:51:34 CET.
Flavor | Version | Tinstall | Tcheck | Ttotal | Status | Flags |
---|---|---|---|---|---|---|
r-devel-linux-x86_64-debian-clang | 0.2.3 | 21.84 | 550.97 | 572.81 | OK | |
r-devel-linux-x86_64-debian-gcc | 0.2.3 | 17.45 | 336.75 | 354.20 | OK | |
r-devel-linux-x86_64-fedora-clang | 0.2.3 | 919.69 | OK | |||
r-devel-linux-x86_64-fedora-gcc | 0.2.3 | 915.81 | OK | |||
r-devel-macos-arm64 | 0.2.3 | 232.00 | OK | |||
r-devel-macos-x86_64 | 0.2.3 | 583.00 | OK | |||
r-devel-windows-x86_64 | 0.2.3 | 24.00 | 481.00 | 505.00 | OK | |
r-patched-linux-x86_64 | 0.2.3 | 22.54 | 503.40 | 525.94 | OK | |
r-release-linux-x86_64 | 0.2.3 | 21.17 | 498.97 | 520.14 | OK | |
r-release-macos-arm64 | 0.2.3 | 211.00 | NOTE | |||
r-release-macos-x86_64 | 0.2.3 | 403.00 | NOTE | |||
r-release-windows-x86_64 | 0.2.3 | 24.00 | 481.00 | 505.00 | NOTE | |
r-oldrel-macos-arm64 | 0.2.2 | 207.00 | NOTE | |||
r-oldrel-macos-x86_64 | 0.2.3 | 440.00 | NOTE | |||
r-oldrel-windows-x86_64 | 0.2.3 | 30.00 | 648.00 | 678.00 | NOTE |
Version: 0.2.3
Check: installed package size
Result: NOTE
installed size is 5.1Mb
sub-directories of 1Mb or more:
data 1.6Mb
doc 3.1Mb
Flavors: r-release-macos-arm64, r-release-macos-x86_64, r-release-windows-x86_64, r-oldrel-macos-x86_64, r-oldrel-windows-x86_64
Version: 0.2.2
Check: installed package size
Result: NOTE
installed size is 5.2Mb
sub-directories of 1Mb or more:
data 1.6Mb
doc 3.1Mb
Flavor: r-oldrel-macos-arm64
These binaries (installable software) and packages are in development.
They may not be fully stable and should be used with caution. We make no claims about them.