CRAN Package Check Results for Package autostats

Last updated on 2025-05-08 04:51:59 CEST.

Flavor Version Tinstall Tcheck Ttotal Status Flags
r-devel-linux-x86_64-debian-clang 0.4.1 4.54 102.15 106.69 OK
r-devel-linux-x86_64-debian-gcc 0.4.1 3.01 68.49 71.50 OK
r-devel-linux-x86_64-fedora-clang 0.4.1 158.05 NOTE
r-devel-linux-x86_64-fedora-gcc 0.4.1 150.57 NOTE
r-devel-windows-x86_64 0.4.1 7.00 101.00 108.00 OK
r-patched-linux-x86_64 0.4.1 4.81 88.27 93.08 OK
r-release-linux-x86_64 0.4.1 4.47 90.51 94.98 OK
r-release-macos-arm64 0.4.1 46.00 OK
r-release-macos-x86_64 0.4.1 87.00 OK
r-release-windows-x86_64 0.4.1 7.00 102.00 109.00 OK
r-oldrel-macos-arm64 0.4.1 57.00 OK
r-oldrel-macos-x86_64 0.4.1 96.00 OK
r-oldrel-windows-x86_64 0.4.1 9.00 125.00 134.00 OK

Check Details

Version: 0.4.1
Check: dependencies in R code
Result: NOTE Namespaces in Imports field not imported from: ‘Ckmeans.1d.dp’ ‘broom.mixed’ ‘igraph’ All declared Imports should be used. Flavors: r-devel-linux-x86_64-fedora-clang, r-devel-linux-x86_64-fedora-gcc

These binaries (installable software) and packages are in development.
They may not be fully stable and should be used with caution. We make no claims about them.