Last updated on 2025-11-27 17:49:30 CET.
| Flavor | Version | Tinstall | Tcheck | Ttotal | Status | Flags |
|---|---|---|---|---|---|---|
| r-devel-linux-x86_64-debian-clang | 0.4.1 | 4.08 | 124.52 | 128.60 | OK | |
| r-devel-linux-x86_64-debian-gcc | 0.4.1 | 2.73 | 83.69 | 86.42 | OK | |
| r-devel-linux-x86_64-fedora-clang | 0.4.1 | 165.75 | NOTE | |||
| r-devel-linux-x86_64-fedora-gcc | 0.4.1 | 177.21 | NOTE | |||
| r-devel-windows-x86_64 | 0.4.1 | 8.00 | 112.00 | 120.00 | OK | |
| r-patched-linux-x86_64 | 0.4.1 | 2.81 | 104.75 | 107.56 | OK | |
| r-release-linux-x86_64 | 0.4.1 | 2.83 | 105.04 | 107.87 | OK | |
| r-release-macos-arm64 | 0.4.1 | OK | ||||
| r-release-macos-x86_64 | 0.4.1 | 3.00 | 84.00 | 87.00 | OK | |
| r-release-windows-x86_64 | 0.4.1 | 7.00 | 112.00 | 119.00 | OK | |
| r-oldrel-macos-arm64 | 0.4.1 | OK | ||||
| r-oldrel-macos-x86_64 | 0.4.1 | 3.00 | 93.00 | 96.00 | OK | |
| r-oldrel-windows-x86_64 | 0.4.1 | 10.00 | 148.00 | 158.00 | OK |
Version: 0.4.1
Check: dependencies in R code
Result: NOTE
Namespaces in Imports field not imported from:
‘Ckmeans.1d.dp’ ‘broom.mixed’ ‘igraph’
All declared Imports should be used.
Flavors: r-devel-linux-x86_64-fedora-clang, r-devel-linux-x86_64-fedora-gcc
These binaries (installable software) and packages are in development.
They may not be fully stable and should be used with caution. We make no claims about them.