Last updated on 2025-10-10 05:49:54 CEST.
Flavor | Version | Tinstall | Tcheck | Ttotal | Status | Flags |
---|---|---|---|---|---|---|
r-devel-linux-x86_64-debian-clang | 0.4.1 | 4.34 | 123.61 | 127.95 | OK | |
r-devel-linux-x86_64-debian-gcc | 0.4.1 | 2.75 | 83.16 | 85.91 | OK | |
r-devel-linux-x86_64-fedora-clang | 0.4.1 | 171.39 | NOTE | |||
r-devel-linux-x86_64-fedora-gcc | 0.4.1 | 175.48 | NOTE | |||
r-devel-windows-x86_64 | 0.4.1 | 8.00 | 115.00 | 123.00 | OK | |
r-patched-linux-x86_64 | 0.4.1 | 4.68 | 105.72 | 110.40 | OK | |
r-release-linux-x86_64 | 0.4.1 | 3.24 | 107.82 | 111.06 | OK | |
r-release-macos-arm64 | 0.4.1 | 46.00 | OK | |||
r-release-macos-x86_64 | 0.4.1 | 87.00 | OK | |||
r-release-windows-x86_64 | 0.4.1 | 7.00 | 117.00 | 124.00 | OK | |
r-oldrel-macos-arm64 | 0.4.1 | 57.00 | OK | |||
r-oldrel-macos-x86_64 | 0.4.1 | 96.00 | OK | |||
r-oldrel-windows-x86_64 | 0.4.1 | 10.00 | 143.00 | 153.00 | OK |
Version: 0.4.1
Check: dependencies in R code
Result: NOTE
Namespaces in Imports field not imported from:
‘Ckmeans.1d.dp’ ‘broom.mixed’ ‘igraph’
All declared Imports should be used.
Flavors: r-devel-linux-x86_64-fedora-clang, r-devel-linux-x86_64-fedora-gcc
These binaries (installable software) and packages are in development.
They may not be fully stable and should be used with caution. We make no claims about them.