CRAN Package Check Results for Package autostats

Last updated on 2025-02-23 01:51:34 CET.

Flavor Version Tinstall Tcheck Ttotal Status Flags
r-devel-linux-x86_64-debian-clang 0.4.1 4.03 99.55 103.58 OK
r-devel-linux-x86_64-debian-gcc 0.4.1 3.03 68.92 71.95 OK
r-devel-linux-x86_64-fedora-clang 0.4.1 147.07 NOTE
r-devel-linux-x86_64-fedora-gcc 0.4.1 147.48 NOTE
r-devel-macos-arm64 0.4.1 53.00 OK
r-devel-macos-x86_64 0.4.1 87.00 OK
r-devel-windows-x86_64 0.4.1 7.00 107.00 114.00 OK
r-patched-linux-x86_64 0.4.1 4.27 86.84 91.11 OK
r-release-linux-x86_64 0.4.1 3.98 84.02 88.00 OK
r-release-macos-arm64 0.4.1 57.00 OK
r-release-macos-x86_64 0.4.1 96.00 OK
r-release-windows-x86_64 0.4.1 7.00 99.00 106.00 OK
r-oldrel-macos-arm64 0.4.1 55.00 OK
r-oldrel-macos-x86_64 0.4.1 113.00 OK
r-oldrel-windows-x86_64 0.4.1 9.00 120.00 129.00 OK

Check Details

Version: 0.4.1
Check: dependencies in R code
Result: NOTE Namespaces in Imports field not imported from: ‘Ckmeans.1d.dp’ ‘broom.mixed’ ‘igraph’ All declared Imports should be used. Flavors: r-devel-linux-x86_64-fedora-clang, r-devel-linux-x86_64-fedora-gcc

These binaries (installable software) and packages are in development.
They may not be fully stable and should be used with caution. We make no claims about them.