Last updated on 2025-07-02 03:50:36 CEST.
Flavor | Version | Tinstall | Tcheck | Ttotal | Status | Flags |
---|---|---|---|---|---|---|
r-devel-linux-x86_64-debian-clang | 0.9.4 | 4.72 | 54.52 | 59.24 | OK | |
r-devel-linux-x86_64-debian-gcc | 0.9.4 | 4.08 | 42.43 | 46.51 | OK | |
r-devel-linux-x86_64-fedora-clang | 0.9.4 | 96.84 | OK | |||
r-devel-linux-x86_64-fedora-gcc | 0.9.4 | 93.37 | OK | |||
r-devel-windows-x86_64 | 0.9.4 | 21.00 | 262.00 | 283.00 | OK | |
r-patched-linux-x86_64 | OK | |||||
r-release-linux-x86_64 | 0.9.4 | 4.62 | 53.40 | 58.02 | OK | |
r-release-macos-arm64 | 0.9.4 | 48.00 | OK | |||
r-release-macos-x86_64 | 0.9.4 | 59.00 | OK | |||
r-release-windows-x86_64 | 0.9.4 | 20.00 | 265.00 | 285.00 | OK | |
r-oldrel-macos-arm64 | 0.9.4 | 57.00 | NOTE | |||
r-oldrel-macos-x86_64 | 0.9.4 | 102.00 | NOTE | |||
r-oldrel-windows-x86_64 | 0.9.4 | 26.00 | 370.00 | 396.00 | NOTE |
Version: 0.9.4
Check: installed package size
Result: NOTE
installed size is 23.7Mb
sub-directories of 1Mb or more:
libs 22.9Mb
Flavors: r-oldrel-macos-arm64, r-oldrel-macos-x86_64, r-oldrel-windows-x86_64
These binaries (installable software) and packages are in development.
They may not be fully stable and should be used with caution. We make no claims about them.