CRAN Package Check Results for Package av

Last updated on 2025-05-08 04:51:59 CEST.

Flavor Version Tinstall Tcheck Ttotal Status Flags
r-devel-linux-x86_64-debian-clang 0.9.4 4.65 54.07 58.72 OK
r-devel-linux-x86_64-debian-gcc 0.9.4 3.89 41.45 45.34 OK
r-devel-linux-x86_64-fedora-clang 0.9.4 94.30 OK
r-devel-linux-x86_64-fedora-gcc 0.9.4 93.98 OK
r-devel-windows-x86_64 0.9.4 19.00 255.00 274.00 OK
r-patched-linux-x86_64 0.9.4 4.72 52.89 57.61 OK
r-release-linux-x86_64 0.9.4 4.68 52.72 57.40 OK
r-release-macos-arm64 0.9.4 48.00 OK
r-release-macos-x86_64 0.9.4 59.00 OK
r-release-windows-x86_64 0.9.4 19.00 284.00 303.00 OK
r-oldrel-macos-arm64 0.9.4 57.00 NOTE
r-oldrel-macos-x86_64 0.9.4 102.00 NOTE
r-oldrel-windows-x86_64 0.9.4 26.00 364.00 390.00 NOTE

Check Details

Version: 0.9.4
Check: installed package size
Result: NOTE installed size is 23.7Mb sub-directories of 1Mb or more: libs 22.9Mb Flavors: r-oldrel-macos-arm64, r-oldrel-macos-x86_64, r-oldrel-windows-x86_64

These binaries (installable software) and packages are in development.
They may not be fully stable and should be used with caution. We make no claims about them.