CRAN Package Check Results for Package avar

Last updated on 2025-05-08 04:51:59 CEST.

Flavor Version Tinstall Tcheck Ttotal Status Flags
r-devel-linux-x86_64-debian-clang 0.1.3 23.52 69.90 93.42 NOTE
r-devel-linux-x86_64-debian-gcc 0.1.3 17.34 51.40 68.74 NOTE
r-devel-linux-x86_64-fedora-clang 0.1.3 144.91 NOTE
r-devel-linux-x86_64-fedora-gcc 0.1.3 156.66 NOTE
r-devel-windows-x86_64 0.1.3 28.00 113.00 141.00 NOTE
r-patched-linux-x86_64 0.1.3 20.14 64.24 84.38 NOTE
r-release-linux-x86_64 0.1.3 20.86 64.07 84.93 NOTE
r-release-macos-arm64 0.1.3 47.00 NOTE
r-release-macos-x86_64 0.1.3 123.00 NOTE
r-release-windows-x86_64 0.1.3 27.00 106.00 133.00 NOTE
r-oldrel-macos-arm64 0.1.3 48.00 NOTE
r-oldrel-macos-x86_64 0.1.3 65.00 NOTE
r-oldrel-windows-x86_64 0.1.3 35.00 118.00 153.00 NOTE

Check Details

Version: 0.1.3
Check: Rd files
Result: NOTE checkRd: (-1) avar_mo_cpp.Rd:15: Lost braces in \itemize; \value handles \item{}{} directly checkRd: (-1) avar_mo_cpp.Rd:16: Lost braces in \itemize; \value handles \item{}{} directly checkRd: (-1) avar_mo_cpp.Rd:17: Lost braces in \itemize; \value handles \item{}{} directly checkRd: (-1) avar_to_cpp.Rd:15: Lost braces in \itemize; \value handles \item{}{} directly checkRd: (-1) avar_to_cpp.Rd:16: Lost braces in \itemize; \value handles \item{}{} directly checkRd: (-1) avar_to_cpp.Rd:17: Lost braces in \itemize; \value handles \item{}{} directly Flavors: r-devel-linux-x86_64-debian-clang, r-devel-linux-x86_64-debian-gcc, r-devel-linux-x86_64-fedora-clang, r-devel-linux-x86_64-fedora-gcc, r-devel-windows-x86_64, r-patched-linux-x86_64, r-release-linux-x86_64, r-release-macos-arm64, r-release-macos-x86_64, r-release-windows-x86_64, r-oldrel-macos-arm64, r-oldrel-macos-x86_64, r-oldrel-windows-x86_64

These binaries (installable software) and packages are in development.
They may not be fully stable and should be used with caution. We make no claims about them.