Last updated on 2025-10-23 17:50:41 CEST.
Flavor | Version | Tinstall | Tcheck | Ttotal | Status | Flags |
---|---|---|---|---|---|---|
r-devel-linux-x86_64-debian-clang | 0.0.6 | 1.62 | 28.36 | 29.98 | NOTE | |
r-devel-linux-x86_64-debian-gcc | 0.0.6 | 1.44 | 22.28 | 23.72 | OK | |
r-devel-linux-x86_64-fedora-clang | 0.0.6 | 41.40 | OK | |||
r-devel-linux-x86_64-fedora-gcc | 0.0.6 | 39.53 | OK | |||
r-devel-windows-x86_64 | 0.0.6 | 4.00 | 53.00 | 57.00 | OK | |
r-patched-linux-x86_64 | 0.0.6 | 1.84 | 26.04 | 27.88 | OK | |
r-release-linux-x86_64 | 0.0.6 | 1.54 | 25.64 | 27.18 | OK | |
r-release-macos-arm64 | 0.0.6 | 4.00 | 76.00 | 80.00 | OK | |
r-release-macos-x86_64 | 0.0.6 | 4.00 | 59.00 | 63.00 | OK | |
r-release-windows-x86_64 | 0.0.6 | 4.00 | 55.00 | 59.00 | OK | |
r-oldrel-macos-arm64 | 0.0.6 | 3.00 | 63.00 | 66.00 | OK | |
r-oldrel-macos-x86_64 | 0.0.6 | 4.00 | 55.00 | 59.00 | OK | |
r-oldrel-windows-x86_64 | 0.0.6 | 4.00 | 56.00 | 60.00 | OK |
Version: 0.0.6
Check: HTML version of manual
Result: NOTE
Found the following HTML validation problems:
dot-onAttach.html:51:1 (dot-onAttach.Rd:12): Warning: missing </ul> before </div>
dot-onLoad.html:51:1 (dot-onLoad.Rd:12): Warning: missing </ul> before </div>
Flavor: r-devel-linux-x86_64-debian-clang
These binaries (installable software) and packages are in development.
They may not be fully stable and should be used with caution. We make no claims about them.