Last updated on 2025-10-03 07:49:34 CEST.
Flavor | Version | Tinstall | Tcheck | Ttotal | Status | Flags |
---|---|---|---|---|---|---|
r-devel-linux-x86_64-debian-clang | 0.0.1 | 20.36 | 39.02 | 59.38 | OK | |
r-devel-linux-x86_64-debian-gcc | 0.0.1 | 16.29 | 33.02 | 49.31 | OK | |
r-devel-linux-x86_64-fedora-clang | 0.0.1 | 85.24 | OK | |||
r-devel-linux-x86_64-fedora-gcc | 0.0.1 | 98.98 | OK | |||
r-devel-windows-x86_64 | 0.0.1 | 21.00 | 56.00 | 77.00 | OK | |
r-patched-linux-x86_64 | 0.0.1 | 19.54 | 36.01 | 55.55 | OK | |
r-release-linux-x86_64 | 0.0.1 | 20.73 | 35.75 | 56.48 | OK | |
r-release-macos-arm64 | 0.0.1 | 103.00 | OK | |||
r-release-macos-x86_64 | 0.0.1 | 160.00 | OK | |||
r-release-windows-x86_64 | 0.0.1 | 21.00 | 55.00 | 76.00 | OK | |
r-oldrel-macos-arm64 | 0.0.1 | 91.00 | NOTE | |||
r-oldrel-macos-x86_64 | 0.0.1 | 77.00 | NOTE | |||
r-oldrel-windows-x86_64 | 0.0.1 | 24.00 | 66.00 | 90.00 | OK |
Version: 0.0.1
Check: installed package size
Result: NOTE
installed size is 5.6Mb
sub-directories of 1Mb or more:
data 4.1Mb
help 1.0Mb
Flavors: r-oldrel-macos-arm64, r-oldrel-macos-x86_64
These binaries (installable software) and packages are in development.
They may not be fully stable and should be used with caution. We make no claims about them.