Last updated on 2025-11-13 17:50:28 CET.
| Flavor | Version | Tinstall | Tcheck | Ttotal | Status | Flags |
|---|---|---|---|---|---|---|
| r-devel-linux-x86_64-debian-clang | 0.1.3 | 95.31 | 29.46 | 124.77 | OK | |
| r-devel-linux-x86_64-debian-gcc | 0.1.3 | 76.45 | 23.59 | 100.04 | OK | |
| r-devel-linux-x86_64-fedora-clang | 0.1.3 | 407.00 | -200.27 | 206.73 | OK | |
| r-devel-linux-x86_64-fedora-gcc | 0.1.3 | 120.00 | 68.53 | 188.53 | OK | |
| r-devel-windows-x86_64 | 0.1.3 | 144.00 | 68.00 | 212.00 | OK | |
| r-patched-linux-x86_64 | 0.1.3 | 97.64 | 27.15 | 124.79 | OK | |
| r-release-linux-x86_64 | 0.1.3 | 98.30 | 26.90 | 125.20 | OK | |
| r-release-macos-arm64 | 0.1.3 | 31.00 | 16.00 | 47.00 | OK | |
| r-release-macos-x86_64 | 0.1.3 | 67.00 | 34.00 | 101.00 | OK | |
| r-release-windows-x86_64 | 0.1.3 | 108.00 | 68.00 | 176.00 | OK | |
| r-oldrel-macos-arm64 | 0.1.3 | 42.00 | 24.00 | 66.00 | NOTE | |
| r-oldrel-macos-x86_64 | 0.1.3 | 67.00 | 35.00 | 102.00 | NOTE | |
| r-oldrel-windows-x86_64 | 0.1.3 | 120.00 | 76.00 | 196.00 | OK |
Version: 0.1.3
Check: installed package size
Result: NOTE
installed size is 6.1Mb
sub-directories of 1Mb or more:
help 2.5Mb
libs 3.5Mb
Flavors: r-oldrel-macos-arm64, r-oldrel-macos-x86_64
These binaries (installable software) and packages are in development.
They may not be fully stable and should be used with caution. We make no claims about them.