Last updated on 2025-10-23 17:50:41 CEST.
| Flavor | Version | Tinstall | Tcheck | Ttotal | Status | Flags |
|---|---|---|---|---|---|---|
| r-devel-linux-x86_64-debian-clang | 1.3 | 4.70 | 53.43 | 58.13 | OK | |
| r-devel-linux-x86_64-debian-gcc | 1.3 | 3.15 | 39.36 | 42.51 | OK | |
| r-devel-linux-x86_64-fedora-clang | 1.3 | 10.00 | 76.70 | 86.70 | NOTE | |
| r-devel-linux-x86_64-fedora-gcc | 1.3 | 100.06 | NOTE | |||
| r-devel-windows-x86_64 | 1.3 | 7.00 | 73.00 | 80.00 | OK | |
| r-patched-linux-x86_64 | 1.3 | 4.67 | 51.20 | 55.87 | OK | |
| r-release-linux-x86_64 | 1.3 | 4.76 | 50.98 | 55.74 | OK | |
| r-release-macos-arm64 | 1.3 | 2.00 | 34.00 | 36.00 | OK | |
| r-release-macos-x86_64 | 1.3 | 4.00 | 57.00 | 61.00 | OK | |
| r-release-windows-x86_64 | 1.3 | 9.00 | 74.00 | 83.00 | OK | |
| r-oldrel-macos-arm64 | 1.3 | 2.00 | 32.00 | 34.00 | OK | |
| r-oldrel-macos-x86_64 | 1.3 | 5.00 | 63.00 | 68.00 | OK | |
| r-oldrel-windows-x86_64 | 1.3 | 8.00 | 82.00 | 90.00 | OK |
Version: 1.3
Check: dependencies in R code
Result: NOTE
Namespaces in Imports field not imported from:
‘DT’ ‘bslib’ ‘rclipboard’ ‘rmarkdown’
All declared Imports should be used.
Flavors: r-devel-linux-x86_64-fedora-clang, r-devel-linux-x86_64-fedora-gcc
These binaries (installable software) and packages are in development.
They may not be fully stable and should be used with caution. We make no claims about them.