Last updated on 2025-05-01 15:49:25 CEST.
Flavor | Version | Tinstall | Tcheck | Ttotal | Status | Flags |
---|---|---|---|---|---|---|
r-devel-linux-x86_64-debian-clang | 0.1.8 | 3.57 | 40.98 | 44.55 | NOTE | |
r-devel-linux-x86_64-debian-gcc | 0.1.8 | 2.71 | 31.63 | 34.34 | NOTE | |
r-devel-linux-x86_64-fedora-clang | 0.1.8 | 68.53 | OK | |||
r-devel-linux-x86_64-fedora-gcc | 0.1.8 | 78.08 | OK | |||
r-devel-windows-x86_64 | 0.1.8 | 8.00 | 81.00 | 89.00 | OK | |
r-patched-linux-x86_64 | 0.1.8 | 4.31 | 36.93 | 41.24 | OK | |
r-release-linux-x86_64 | OK | |||||
r-release-macos-arm64 | 0.1.8 | 45.00 | OK | |||
r-release-macos-x86_64 | 0.1.8 | 56.00 | OK | |||
r-release-windows-x86_64 | 0.1.8 | 9.00 | 88.00 | 97.00 | OK | |
r-oldrel-macos-arm64 | 0.1.8 | 31.00 | NOTE | |||
r-oldrel-macos-x86_64 | 0.1.8 | 46.00 | NOTE | |||
r-oldrel-windows-x86_64 | 0.1.8 | 10.00 | 84.00 | 94.00 | NOTE |
Version: 0.1.8
Check: CRAN incoming feasibility
Result: NOTE
Maintainer: ‘Gaurav Sood <gsood07@gmail.com>’
Package CITATION file contains call(s) to old-style personList() or
as.personList(). Please use c() on person objects instead.
Package CITATION file contains call(s) to old-style citEntry(). Please
use bibentry() instead.
Flavors: r-devel-linux-x86_64-debian-clang, r-devel-linux-x86_64-debian-gcc
Version: 0.1.8
Check: LazyData
Result: NOTE
'LazyData' is specified without a 'data' directory
Flavors: r-oldrel-macos-arm64, r-oldrel-macos-x86_64, r-oldrel-windows-x86_64
These binaries (installable software) and packages are in development.
They may not be fully stable and should be used with caution. We make no claims about them.