Last updated on 2025-02-16 10:50:42 CET.
Flavor | Version | Tinstall | Tcheck | Ttotal | Status | Flags |
---|---|---|---|---|---|---|
r-devel-linux-x86_64-debian-clang | 0.1.8 | 4.35 | 39.07 | 43.42 | OK | |
r-devel-linux-x86_64-debian-gcc | 0.1.8 | 2.79 | 30.33 | 33.12 | OK | |
r-devel-linux-x86_64-fedora-clang | 0.1.8 | 70.44 | OK | |||
r-devel-linux-x86_64-fedora-gcc | 0.1.8 | 84.61 | OK | |||
r-devel-macos-arm64 | 0.1.8 | 35.00 | OK | |||
r-devel-macos-x86_64 | 0.1.8 | 65.00 | OK | |||
r-devel-windows-x86_64 | 0.1.8 | 9.00 | 78.00 | 87.00 | OK | |
r-patched-linux-x86_64 | 0.1.8 | 4.03 | 36.04 | 40.07 | NOTE | |
r-release-linux-x86_64 | 0.1.8 | 3.61 | 36.82 | 40.43 | NOTE | |
r-release-macos-arm64 | 0.1.8 | 31.00 | NOTE | |||
r-release-macos-x86_64 | 0.1.8 | 46.00 | NOTE | |||
r-release-windows-x86_64 | 0.1.8 | 9.00 | 76.00 | 85.00 | NOTE | |
r-oldrel-macos-arm64 | 0.1.8 | 30.00 | NOTE | |||
r-oldrel-macos-x86_64 | 0.1.8 | 48.00 | NOTE | |||
r-oldrel-windows-x86_64 | 0.1.8 | 9.00 | 79.00 | 88.00 | NOTE |
Version: 0.1.8
Check: LazyData
Result: NOTE
'LazyData' is specified without a 'data' directory
Flavors: r-patched-linux-x86_64, r-release-linux-x86_64, r-release-macos-arm64, r-release-macos-x86_64, r-release-windows-x86_64, r-oldrel-macos-arm64, r-oldrel-macos-x86_64, r-oldrel-windows-x86_64
These binaries (installable software) and packages are in development.
They may not be fully stable and should be used with caution. We make no claims about them.