CRAN Package Check Results for Package aws.comprehend

Last updated on 2025-07-02 03:50:36 CEST.

Flavor Version Tinstall Tcheck Ttotal Status Flags
r-devel-linux-x86_64-debian-clang 0.2.1 2.06 25.15 27.21 NOTE
r-devel-linux-x86_64-debian-gcc 0.2.1 1.71 21.27 22.98 NOTE
r-devel-linux-x86_64-fedora-clang 0.2.1 40.00 OK
r-devel-linux-x86_64-fedora-gcc 0.2.1 54.05 OK
r-devel-windows-x86_64 0.2.1 5.00 65.00 70.00 OK
r-patched-linux-x86_64 OK
r-release-linux-x86_64 0.2.1 2.01 22.53 24.54 OK
r-release-macos-arm64 0.2.1 58.00 OK
r-release-macos-x86_64 0.2.1 60.00 OK
r-release-windows-x86_64 0.2.1 6.00 66.00 72.00 OK
r-oldrel-macos-arm64 0.2.1 29.00 OK
r-oldrel-macos-x86_64 0.2.1 44.00 OK
r-oldrel-windows-x86_64 0.2.1 6.00 69.00 75.00 OK

Check Details

Version: 0.2.1
Check: CRAN incoming feasibility
Result: NOTE Maintainer: ‘Antoine Sachet <antoine.sac@gmail.com>’ Package CITATION file contains call(s) to old-style personList() or as.personList(). Please use c() on person objects instead. Package CITATION file contains call(s) to old-style citEntry(). Please use bibentry() instead. Flavors: r-devel-linux-x86_64-debian-clang, r-devel-linux-x86_64-debian-gcc

These binaries (installable software) and packages are in development.
They may not be fully stable and should be used with caution. We make no claims about them.