CRAN Package Check Results for Package aws.comprehend

Last updated on 2025-10-23 21:51:20 CEST.

Flavor Version Tinstall Tcheck Ttotal Status Flags
r-devel-linux-x86_64-debian-clang 0.2.1 2.00 26.26 28.26 NOTE
r-devel-linux-x86_64-debian-gcc 0.2.1 1.56 21.51 23.07 NOTE
r-devel-linux-x86_64-fedora-clang 0.2.1 39.85 OK
r-devel-linux-x86_64-fedora-gcc 0.2.1 56.17 OK
r-devel-windows-x86_64 0.2.1 5.00 63.00 68.00 OK
r-patched-linux-x86_64 0.2.1 1.80 23.89 25.69 OK
r-release-linux-x86_64 0.2.1 2.06 23.85 25.91 OK
r-release-macos-arm64 0.2.1 4.00 54.00 58.00 OK
r-release-macos-x86_64 0.2.1 6.00 54.00 60.00 OK
r-release-windows-x86_64 0.2.1 7.00 65.00 72.00 OK
r-oldrel-macos-arm64 0.2.1 2.00 27.00 29.00 OK
r-oldrel-macos-x86_64 0.2.1 5.00 39.00 44.00 OK
r-oldrel-windows-x86_64 0.2.1 7.00 69.00 76.00 OK

Check Details

Version: 0.2.1
Check: CRAN incoming feasibility
Result: NOTE Maintainer: ‘Antoine Sachet <antoine.sac@gmail.com>’ Package CITATION file contains call(s) to old-style personList() or as.personList(). Please use c() on person objects instead. Package CITATION file contains call(s) to old-style citEntry(). Please use bibentry() instead. Flavors: r-devel-linux-x86_64-debian-clang, r-devel-linux-x86_64-debian-gcc

Version: 0.2.1
Check: HTML version of manual
Result: NOTE Found the following HTML validation problems: flatten.html:46:1 (flatten.Rd:10): Warning: missing </ul> before </div> Flavor: r-devel-linux-x86_64-debian-clang

These binaries (installable software) and packages are in development.
They may not be fully stable and should be used with caution. We make no claims about them.