CRAN Package Check Results for Package aws.ec2metadata

Last updated on 2025-07-22 19:51:43 CEST.

Flavor Version Tinstall Tcheck Ttotal Status Flags
r-devel-linux-x86_64-debian-clang 0.2.0 1.70 21.23 22.93 NOTE
r-devel-linux-x86_64-debian-gcc 0.2.0 1.47 18.02 19.49 NOTE
r-devel-linux-x86_64-fedora-clang 0.2.0 32.93 OK
r-devel-linux-x86_64-fedora-gcc 0.2.0 31.69 OK
r-devel-windows-x86_64 0.2.0 7.00 49.00 56.00 OK
r-patched-linux-x86_64 0.2.0 1.63 18.75 20.38 OK
r-release-linux-x86_64 0.2.0 1.74 18.83 20.57 OK
r-release-macos-arm64 0.2.0 22.00 OK
r-release-macos-x86_64 0.2.0 31.00 OK
r-release-windows-x86_64 0.2.0 4.00 50.00 54.00 OK
r-oldrel-macos-arm64 0.2.0 23.00 OK
r-oldrel-macos-x86_64 0.2.0 25.00 OK
r-oldrel-windows-x86_64 0.2.0 5.00 52.00 57.00 OK

Check Details

Version: 0.2.0
Check: CRAN incoming feasibility
Result: NOTE Maintainer: ‘Jonathan Stott <jonathan.stott@magairports.com>’ Package CITATION file contains call(s) to old-style personList() or as.personList(). Please use c() on person objects instead. Package CITATION file contains call(s) to old-style citEntry(). Please use bibentry() instead. Flavors: r-devel-linux-x86_64-debian-clang, r-devel-linux-x86_64-debian-gcc

These binaries (installable software) and packages are in development.
They may not be fully stable and should be used with caution. We make no claims about them.