Last updated on 2024-07-27 15:50:11 CEST.
Flavor | Version | Tinstall | Tcheck | Ttotal | Status | Flags |
---|---|---|---|---|---|---|
r-devel-linux-x86_64-debian-clang | 1.0.5 | 14.60 | 188.55 | 203.15 | NOTE | |
r-devel-linux-x86_64-debian-gcc | 1.0.5 | NOTE | ||||
r-devel-linux-x86_64-fedora-clang | 1.0.5 | 247.86 | NOTE | |||
r-devel-linux-x86_64-fedora-gcc | 1.0.5 | 246.74 | NOTE | |||
r-devel-windows-x86_64 | 1.0.5 | 29.00 | 277.00 | 306.00 | NOTE | |
r-patched-linux-x86_64 | 1.0.5 | NOTE | ||||
r-release-linux-x86_64 | 1.0.5 | 16.28 | 173.07 | 189.35 | NOTE | |
r-release-macos-arm64 | 1.0.5 | 95.00 | NOTE | |||
r-release-macos-x86_64 | 1.0.5 | 121.00 | NOTE | |||
r-release-windows-x86_64 | 1.0.5 | 26.00 | 274.00 | 300.00 | NOTE | |
r-oldrel-macos-arm64 | 1.0.5 | 73.00 | NOTE | |||
r-oldrel-macos-x86_64 | 1.0.5 | 95.00 | NOTE | |||
r-oldrel-windows-x86_64 | 1.0.5 | 30.00 | 295.00 | 325.00 | NOTE |
Version: 1.0.5
Check: Rd files
Result: NOTE
checkRd: (-1) ec2_create_security_group.Rd:66: Escaped LaTeX specials: \#
checkRd: (-1) ec2_create_security_group.Rd:66: Escaped LaTeX specials: \$
checkRd: (-1) ec2_create_security_group.Rd:79: Escaped LaTeX specials: \#
checkRd: (-1) ec2_create_security_group.Rd:79: Escaped LaTeX specials: \$
Flavors: r-devel-linux-x86_64-debian-clang, r-devel-linux-x86_64-debian-gcc, r-devel-linux-x86_64-fedora-clang, r-devel-linux-x86_64-fedora-gcc, r-devel-windows-x86_64, r-patched-linux-x86_64, r-release-linux-x86_64, r-release-macos-arm64, r-release-macos-x86_64, r-release-windows-x86_64, r-oldrel-macos-arm64, r-oldrel-macos-x86_64, r-oldrel-windows-x86_64
These binaries (installable software) and packages are in development.
They may not be fully stable and should be used with caution. We make no claims about them.