Last updated on 2025-05-01 15:49:25 CEST.
Flavor | Version | Tinstall | Tcheck | Ttotal | Status | Flags |
---|---|---|---|---|---|---|
r-devel-linux-x86_64-debian-clang | 0.1.8 | 4.05 | 31.06 | 35.11 | NOTE | |
r-devel-linux-x86_64-debian-gcc | 0.1.8 | 2.78 | 24.71 | 27.49 | NOTE | |
r-devel-linux-x86_64-fedora-clang | 0.1.8 | 53.20 | OK | |||
r-devel-linux-x86_64-fedora-gcc | 0.1.8 | 50.06 | OK | |||
r-devel-windows-x86_64 | 0.1.8 | 7.00 | 70.00 | 77.00 | OK | |
r-patched-linux-x86_64 | 0.1.8 | 4.39 | 28.50 | 32.89 | OK | |
r-release-linux-x86_64 | OK | |||||
r-release-macos-arm64 | 0.1.8 | 40.00 | OK | |||
r-release-macos-x86_64 | 0.1.8 | 44.00 | OK | |||
r-release-windows-x86_64 | 0.1.8 | 8.00 | 68.00 | 76.00 | OK | |
r-oldrel-macos-arm64 | 0.1.8 | 21.00 | OK | |||
r-oldrel-macos-x86_64 | 0.1.8 | 32.00 | OK | |||
r-oldrel-windows-x86_64 | 0.1.8 | 9.00 | 74.00 | 83.00 | OK |
Version: 0.1.8
Check: CRAN incoming feasibility
Result: NOTE
Maintainer: ‘Simon Urbanek <simon.urbanek@R-project.org>’
Package CITATION file contains call(s) to old-style personList() or
as.personList(). Please use c() on person objects instead.
Package CITATION file contains call(s) to old-style citEntry(). Please
use bibentry() instead.
Flavors: r-devel-linux-x86_64-debian-clang, r-devel-linux-x86_64-debian-gcc
These binaries (installable software) and packages are in development.
They may not be fully stable and should be used with caution. We make no claims about them.