CRAN Package Check Results for Package aws.s3

Last updated on 2025-05-08 04:51:59 CEST.

Flavor Version Tinstall Tcheck Ttotal Status Flags
r-devel-linux-x86_64-debian-clang 0.3.21 4.47 38.32 42.79 NOTE
r-devel-linux-x86_64-debian-gcc 0.3.21 2.88 28.93 31.81 NOTE
r-devel-linux-x86_64-fedora-clang 0.3.21 64.46 OK
r-devel-linux-x86_64-fedora-gcc 0.3.21 60.45 OK
r-devel-windows-x86_64 0.3.21 7.00 80.00 87.00 OK
r-patched-linux-x86_64 0.3.21 4.81 35.34 40.15 OK
r-release-linux-x86_64 0.3.21 3.96 34.93 38.89 OK
r-release-macos-arm64 0.3.21 37.00 OK
r-release-macos-x86_64 0.3.21 51.00 OK
r-release-windows-x86_64 0.3.21 9.00 81.00 90.00 OK
r-oldrel-macos-arm64 0.3.21 27.00 OK
r-oldrel-macos-x86_64 0.3.21 41.00 OK
r-oldrel-windows-x86_64 0.3.21 9.00 83.00 92.00 OK

Check Details

Version: 0.3.21
Check: CRAN incoming feasibility
Result: NOTE Maintainer: ‘Simon Urbanek <simon.urbanek@R-project.org>’ Package CITATION file contains call(s) to old-style personList() or as.personList(). Please use c() on person objects instead. Package CITATION file contains call(s) to old-style citEntry(). Please use bibentry() instead. Flavors: r-devel-linux-x86_64-debian-clang, r-devel-linux-x86_64-debian-gcc

These binaries (installable software) and packages are in development.
They may not be fully stable and should be used with caution. We make no claims about them.