Last updated on 2025-05-08 04:51:59 CEST.
Flavor | Version | Tinstall | Tcheck | Ttotal | Status | Flags |
---|---|---|---|---|---|---|
r-devel-linux-x86_64-debian-clang | 0.6.0 | 1.92 | 26.14 | 28.06 | NOTE | |
r-devel-linux-x86_64-debian-gcc | 0.6.0 | 1.71 | 21.42 | 23.13 | NOTE | |
r-devel-linux-x86_64-fedora-clang | 0.6.0 | 42.49 | OK | |||
r-devel-linux-x86_64-fedora-gcc | 0.6.0 | 40.23 | OK | |||
r-devel-windows-x86_64 | 0.6.0 | 5.00 | 67.00 | 72.00 | OK | |
r-patched-linux-x86_64 | 0.6.0 | 2.54 | 23.89 | 26.43 | OK | |
r-release-linux-x86_64 | 0.6.0 | 1.94 | 23.85 | 25.79 | OK | |
r-release-macos-arm64 | 0.6.0 | 36.00 | OK | |||
r-release-macos-x86_64 | 0.6.0 | 36.00 | OK | |||
r-release-windows-x86_64 | 0.6.0 | 6.00 | 69.00 | 75.00 | OK | |
r-oldrel-macos-arm64 | 0.6.0 | 27.00 | OK | |||
r-oldrel-macos-x86_64 | 0.6.0 | 32.00 | OK | |||
r-oldrel-windows-x86_64 | 0.6.0 | 6.00 | 70.00 | 76.00 | OK |
Version: 0.6.0
Check: CRAN incoming feasibility
Result: NOTE
Maintainer: ‘Jonathan Stott <jonathan.stott@magairports.com>’
Package CITATION file contains call(s) to old-style personList() or
as.personList(). Please use c() on person objects instead.
Package CITATION file contains call(s) to old-style citEntry(). Please
use bibentry() instead.
Flavors: r-devel-linux-x86_64-debian-clang, r-devel-linux-x86_64-debian-gcc
These binaries (installable software) and packages are in development.
They may not be fully stable and should be used with caution. We make no claims about them.