Last updated on 2025-05-01 15:49:25 CEST.
Flavor | Version | Tinstall | Tcheck | Ttotal | Status | Flags |
---|---|---|---|---|---|---|
r-devel-linux-x86_64-debian-clang | 0.1.3 | 1.99 | 23.09 | 25.08 | NOTE | |
r-devel-linux-x86_64-debian-gcc | 0.1.3 | 1.46 | 19.48 | 20.94 | NOTE | |
r-devel-linux-x86_64-fedora-clang | 0.1.3 | 37.03 | OK | |||
r-devel-linux-x86_64-fedora-gcc | 0.1.3 | 35.26 | OK | |||
r-devel-windows-x86_64 | 0.1.3 | 5.00 | 64.00 | 69.00 | OK | |
r-patched-linux-x86_64 | 0.1.3 | 1.97 | 21.11 | 23.08 | OK | |
r-release-linux-x86_64 | OK | |||||
r-release-macos-arm64 | 0.1.3 | 29.00 | OK | |||
r-release-macos-x86_64 | 0.1.3 | 31.00 | OK | |||
r-release-windows-x86_64 | 0.1.3 | 6.00 | 67.00 | 73.00 | OK | |
r-oldrel-macos-arm64 | 0.1.3 | 18.00 | OK | |||
r-oldrel-macos-x86_64 | 0.1.3 | 28.00 | OK | |||
r-oldrel-windows-x86_64 | 0.1.3 | 7.00 | 64.00 | 71.00 | OK |
Version: 0.1.3
Check: CRAN incoming feasibility
Result: NOTE
Maintainer: ‘Antoine Sachet <antoine.sac@gmail.com>’
Package CITATION file contains call(s) to old-style personList() or
as.personList(). Please use c() on person objects instead.
Package CITATION file contains call(s) to old-style citEntry(). Please
use bibentry() instead.
Flavors: r-devel-linux-x86_64-debian-clang, r-devel-linux-x86_64-debian-gcc
These binaries (installable software) and packages are in development.
They may not be fully stable and should be used with caution. We make no claims about them.