CRAN Package Check Results for Package bReeze

Last updated on 2025-07-02 03:50:37 CEST.

Flavor Version Tinstall Tcheck Ttotal Status Flags
r-devel-linux-x86_64-debian-clang 0.4-4 11.03 62.47 73.50 NOTE
r-devel-linux-x86_64-debian-gcc 0.4-4 6.82 42.73 49.55 NOTE
r-devel-linux-x86_64-fedora-clang 0.4-4 115.93 OK
r-devel-linux-x86_64-fedora-gcc 0.4-4 110.22 OK
r-devel-windows-x86_64 0.4-4 12.00 79.00 91.00 OK
r-patched-linux-x86_64 OK
r-release-linux-x86_64 0.4-4 10.40 58.45 68.85 OK
r-release-macos-arm64 0.4-4 31.00 OK
r-release-macos-x86_64 0.4-4 68.00 OK
r-release-windows-x86_64 0.4-4 12.00 78.00 90.00 OK
r-oldrel-macos-arm64 0.4-4 29.00 OK
r-oldrel-macos-x86_64 0.4-4 46.00 OK
r-oldrel-windows-x86_64 0.4-4 16.00 88.00 104.00 OK

Check Details

Version: 0.4-4
Check: CRAN incoming feasibility
Result: NOTE Maintainer: ‘Christian Graul <christian.graul@gmail.com>’ No Authors@R field in DESCRIPTION. Please add one, modifying Authors@R: c(person(given = "Christian", family = "Graul", role = c("aut", "cre"), email = "christian.graul@gmail.com"), person(given = "Carsten", family = "Poppinga", role = "aut")) as necessary. Flavors: r-devel-linux-x86_64-debian-clang, r-devel-linux-x86_64-debian-gcc

These binaries (installable software) and packages are in development.
They may not be fully stable and should be used with caution. We make no claims about them.