Last updated on 2025-05-01 14:49:05 CEST.
Flavor | Version | Tinstall | Tcheck | Ttotal | Status | Flags |
---|---|---|---|---|---|---|
r-devel-linux-x86_64-debian-clang | 0.3-2 | 9.12 | 127.19 | 136.31 | NOTE | |
r-devel-linux-x86_64-debian-gcc | 0.3-2 | 6.21 | 90.46 | 96.67 | NOTE | |
r-devel-linux-x86_64-fedora-clang | 0.3-2 | 211.52 | OK | |||
r-devel-linux-x86_64-fedora-gcc | 0.3-2 | 215.99 | OK | |||
r-devel-windows-x86_64 | 0.3-2 | 9.00 | 126.00 | 135.00 | OK | |
r-patched-linux-x86_64 | 0.3-2 | 8.22 | 121.45 | 129.67 | OK | |
r-release-linux-x86_64 | OK | |||||
r-release-macos-arm64 | 0.3-2 | 77.00 | OK | |||
r-release-macos-x86_64 | 0.3-2 | 140.00 | OK | |||
r-release-windows-x86_64 | 0.3-2 | 10.00 | 133.00 | 143.00 | OK | |
r-oldrel-macos-arm64 | 0.3-2 | 65.00 | OK | |||
r-oldrel-macos-x86_64 | 0.3-2 | 97.00 | OK | |||
r-oldrel-windows-x86_64 | 0.3-2 | 12.00 | 156.00 | 168.00 | OK |
Version: 0.3-2
Check: CRAN incoming feasibility
Result: NOTE
Maintainer: ‘Peter Solymos <psolymos@gmail.com>’
No Authors@R field in DESCRIPTION.
Please add one, modifying
Authors@R: person(given = "Peter",
family = "Solymos",
role = c("aut", "cre"),
email = "psolymos@gmail.com",
comment = c(ORCID = "0000-0001-7337-1740"))
as necessary.
Flavors: r-devel-linux-x86_64-debian-clang, r-devel-linux-x86_64-debian-gcc
These binaries (installable software) and packages are in development.
They may not be fully stable and should be used with caution. We make no claims about them.