Last updated on 2025-02-16 10:50:42 CET.
Flavor | Version | Tinstall | Tcheck | Ttotal | Status | Flags |
---|---|---|---|---|---|---|
r-devel-linux-x86_64-debian-clang | 2.1.3 | 15.19 | 160.83 | 176.02 | OK | |
r-devel-linux-x86_64-debian-gcc | 2.1.3 | 10.15 | 114.56 | 124.71 | OK | |
r-devel-linux-x86_64-fedora-clang | 2.1.3 | 286.16 | OK | |||
r-devel-linux-x86_64-fedora-gcc | 2.1.3 | 277.03 | OK | |||
r-devel-macos-arm64 | 2.1.3 | 87.00 | OK | |||
r-devel-macos-x86_64 | 2.1.3 | 234.00 | OK | |||
r-devel-windows-x86_64 | 2.1.3 | 17.00 | 209.00 | 226.00 | OK | |
r-patched-linux-x86_64 | 2.1.3 | 13.23 | 151.39 | 164.62 | OK | |
r-release-linux-x86_64 | 2.1.3 | 12.90 | 148.43 | 161.33 | OK | |
r-release-macos-arm64 | 2.1.3 | 97.00 | NOTE | |||
r-release-macos-x86_64 | 2.1.3 | 171.00 | NOTE | |||
r-release-windows-x86_64 | 2.1.3 | 17.00 | 172.00 | 189.00 | NOTE | |
r-oldrel-macos-arm64 | 2.1.2 | 122.00 | NOTE | |||
r-oldrel-macos-x86_64 | 2.1.3 | 163.00 | NOTE | |||
r-oldrel-windows-x86_64 | 2.1.3 | 23.00 | 221.00 | 244.00 | NOTE |
Version: 2.1.3
Check: installed package size
Result: NOTE
installed size is 7.7Mb
sub-directories of 1Mb or more:
doc 4.3Mb
help 2.2Mb
Flavors: r-release-macos-arm64, r-release-macos-x86_64, r-release-windows-x86_64, r-oldrel-macos-x86_64, r-oldrel-windows-x86_64
Version: 2.1.2
Check: installed package size
Result: NOTE
installed size is 7.3Mb
sub-directories of 1Mb or more:
doc 3.9Mb
help 2.2Mb
Flavor: r-oldrel-macos-arm64
These binaries (installable software) and packages are in development.
They may not be fully stable and should be used with caution. We make no claims about them.