Last updated on 2025-11-12 12:53:04 CET.
| Flavor | Version | Tinstall | Tcheck | Ttotal | Status | Flags |
|---|---|---|---|---|---|---|
| r-devel-linux-x86_64-debian-clang | 0.1.10 | 68.68 | 426.21 | 494.89 | OK | |
| r-devel-linux-x86_64-debian-gcc | 0.1.10 | 43.38 | 279.13 | 322.51 | OK | |
| r-devel-linux-x86_64-fedora-clang | 0.1.10 | 172.00 | 651.18 | 823.18 | OK | |
| r-devel-linux-x86_64-fedora-gcc | 0.1.10 | 144.00 | 669.41 | 813.41 | OK | |
| r-devel-windows-x86_64 | 0.1.10 | 82.00 | 552.00 | 634.00 | OK | |
| r-patched-linux-x86_64 | 0.1.10 | 70.36 | 410.09 | 480.45 | OK | |
| r-release-linux-x86_64 | 0.1.10 | 70.53 | 412.45 | 482.98 | OK | |
| r-release-macos-arm64 | 0.1.10 | 27.00 | 174.00 | 201.00 | OK | |
| r-release-macos-x86_64 | 0.1.10 | 44.00 | 319.00 | 363.00 | OK | |
| r-release-windows-x86_64 | 0.1.10 | 81.00 | 556.00 | 637.00 | OK | |
| r-oldrel-macos-arm64 | 0.1.10 | 27.00 | 178.00 | 205.00 | NOTE | |
| r-oldrel-macos-x86_64 | 0.1.10 | 41.00 | 300.00 | 341.00 | NOTE | |
| r-oldrel-windows-x86_64 | 0.1.10 | 107.00 | 688.00 | 795.00 | NOTE |
Version: 0.1.10
Check: package dependencies
Result: NOTE
Package suggested but not available for checking: ‘lixoftConnectors’
Flavors: r-oldrel-macos-arm64, r-oldrel-macos-x86_64, r-oldrel-windows-x86_64
These binaries (installable software) and packages are in development.
They may not be fully stable and should be used with caution. We make no claims about them.