Last updated on 2025-05-08 04:51:59 CEST.
Flavor | Version | Tinstall | Tcheck | Ttotal | Status | Flags |
---|---|---|---|---|---|---|
r-devel-linux-x86_64-debian-clang | 0.1.6 | 63.00 | 351.20 | 414.20 | OK | |
r-devel-linux-x86_64-debian-gcc | 0.1.6 | 47.65 | 234.13 | 281.78 | OK | |
r-devel-linux-x86_64-fedora-clang | 0.1.7 | 703.23 | OK | |||
r-devel-linux-x86_64-fedora-gcc | 0.1.7 | 691.04 | OK | |||
r-devel-windows-x86_64 | 0.1.6 | 83.00 | 454.00 | 537.00 | OK | |
r-patched-linux-x86_64 | 0.1.6 | 63.69 | 338.54 | 402.23 | OK | |
r-release-linux-x86_64 | 0.1.6 | 62.56 | 334.86 | 397.42 | OK | |
r-release-macos-arm64 | 0.1.7 | 140.00 | OK | |||
r-release-macos-x86_64 | 0.1.7 | 237.00 | OK | |||
r-release-windows-x86_64 | 0.1.6 | 81.00 | 442.00 | 523.00 | OK | |
r-oldrel-macos-arm64 | 0.1.7 | 158.00 | NOTE | |||
r-oldrel-macos-x86_64 | 0.1.7 | 259.00 | NOTE | |||
r-oldrel-windows-x86_64 | 0.1.6 | 99.00 | 572.00 | 671.00 | NOTE |
Version: 0.1.7
Check: package dependencies
Result: NOTE
Package suggested but not available for checking: ‘lixoftConnectors’
Flavors: r-oldrel-macos-arm64, r-oldrel-macos-x86_64
Version: 0.1.6
Check: package dependencies
Result: NOTE
Package suggested but not available for checking: 'lixoftConnectors'
Flavor: r-oldrel-windows-x86_64
These binaries (installable software) and packages are in development.
They may not be fully stable and should be used with caution. We make no claims about them.