Last updated on 2025-07-02 03:50:36 CEST.
Flavor | Version | Tinstall | Tcheck | Ttotal | Status | Flags |
---|---|---|---|---|---|---|
r-devel-linux-x86_64-debian-clang | 0.1.7 | 65.81 | 358.41 | 424.22 | OK | |
r-devel-linux-x86_64-debian-gcc | 0.1.7 | 48.14 | 237.83 | 285.97 | OK | |
r-devel-linux-x86_64-fedora-clang | 0.1.7 | 711.08 | OK | |||
r-devel-linux-x86_64-fedora-gcc | 0.1.7 | 672.36 | OK | |||
r-devel-windows-x86_64 | 0.1.7 | 84.00 | 465.00 | 549.00 | OK | |
r-patched-linux-x86_64 | OK | |||||
r-release-linux-x86_64 | 0.1.7 | 64.82 | 335.52 | 400.34 | OK | |
r-release-macos-arm64 | 0.1.7 | 140.00 | OK | |||
r-release-macos-x86_64 | 0.1.7 | 237.00 | OK | |||
r-release-windows-x86_64 | 0.1.7 | 77.00 | 454.00 | 531.00 | OK | |
r-oldrel-macos-arm64 | 0.1.7 | 158.00 | NOTE | |||
r-oldrel-macos-x86_64 | 0.1.7 | 259.00 | NOTE | |||
r-oldrel-windows-x86_64 | 0.1.7 | 100.00 | 581.00 | 681.00 | NOTE |
Version: 0.1.7
Check: package dependencies
Result: NOTE
Package suggested but not available for checking: ‘lixoftConnectors’
Flavors: r-oldrel-macos-arm64, r-oldrel-macos-x86_64, r-oldrel-windows-x86_64
These binaries (installable software) and packages are in development.
They may not be fully stable and should be used with caution. We make no claims about them.