Last updated on 2025-05-23 01:50:48 CEST.
Flavor | Version | Tinstall | Tcheck | Ttotal | Status | Flags |
---|---|---|---|---|---|---|
r-devel-linux-x86_64-debian-clang | 1.2.0 | 8.73 | 76.32 | 85.05 | NOTE | |
r-devel-linux-x86_64-debian-gcc | 1.2.0 | 6.87 | 56.52 | 63.39 | NOTE | |
r-devel-linux-x86_64-fedora-clang | 1.2.0 | 138.97 | OK | |||
r-devel-linux-x86_64-fedora-gcc | 1.2.0 | 129.08 | OK | |||
r-devel-windows-x86_64 | 1.2.0 | 11.00 | 85.00 | 96.00 | OK | |
r-patched-linux-x86_64 | 1.2.0 | 9.64 | 72.73 | 82.37 | OK | |
r-release-linux-x86_64 | 1.2.0 | 8.43 | 72.31 | 80.74 | OK | |
r-release-macos-arm64 | 1.2.0 | 40.00 | OK | |||
r-release-macos-x86_64 | 1.2.0 | 72.00 | OK | |||
r-release-windows-x86_64 | 1.2.0 | 12.00 | 118.00 | 130.00 | OK | |
r-oldrel-macos-arm64 | 1.2.0 | 39.00 | OK | |||
r-oldrel-macos-x86_64 | 1.2.0 | 63.00 | OK | |||
r-oldrel-windows-x86_64 | 1.2.0 | 14.00 | 105.00 | 119.00 | OK |
Version: 1.2.0
Check: DESCRIPTION meta-information
Result: NOTE
Author field differs from that derived from Authors@R
Author: ‘Robrecht Cannoodt [aut, cre] (<https://orcid.org/0000-0003-3641-729X>, rcannood), Wouter Saelens [aut] (<https://orcid.org/0000-0002-7114-6248>, zouter), Joel Nitta [aut] (<https://orcid.org/0000-0003-4719-7472>, joelnitta)’
Authors@R: ‘Robrecht Cannoodt [aut, cre] (ORCID: <https://orcid.org/0000-0003-3641-729X>, github: rcannood), Wouter Saelens [aut] (ORCID: <https://orcid.org/0000-0002-7114-6248>, github: zouter), Joel Nitta [aut] (ORCID: <https://orcid.org/0000-0003-4719-7472>, github: joelnitta)’
Flavors: r-devel-linux-x86_64-debian-clang, r-devel-linux-x86_64-debian-gcc
These binaries (installable software) and packages are in development.
They may not be fully stable and should be used with caution. We make no claims about them.