CRAN Package Check Results for Package babyTimeR

Last updated on 2025-10-03 13:49:26 CEST.

Flavor Version Tinstall Tcheck Ttotal Status Flags
r-devel-linux-x86_64-debian-clang 0.1.0 5.87 50.24 56.11 OK
r-devel-linux-x86_64-debian-gcc 0.1.0 4.23 37.02 41.25 OK
r-devel-linux-x86_64-fedora-clang 0.1.0 87.32 OK
r-devel-linux-x86_64-fedora-gcc 0.1.0 80.68 OK
r-devel-windows-x86_64 0.1.0 8.00 62.00 70.00 OK
r-patched-linux-x86_64 0.1.0 5.26 46.26 51.52 OK
r-release-linux-x86_64 0.1.0 5.17 46.44 51.61 OK
r-release-macos-arm64 0.1.0 27.00 OK
r-release-macos-x86_64 0.1.0 53.00 OK
r-release-windows-x86_64 0.1.0 6.00 63.00 69.00 OK
r-oldrel-macos-arm64 0.1.0 32.00 NOTE
r-oldrel-macos-x86_64 0.1.0 49.00 NOTE
r-oldrel-windows-x86_64 0.1.0 10.00 75.00 85.00 NOTE

Check Details

Version: 0.1.0
Check: package dependencies
Result: NOTE Depends: includes the non-default packages: 'dplyr', 'glue', 'janitor', 'lubridate', 'readr', 'snakecase', 'stringr' Adding so many packages to the search path is excessive and importing selectively is preferable. Flavors: r-oldrel-macos-arm64, r-oldrel-macos-x86_64, r-oldrel-windows-x86_64

These binaries (installable software) and packages are in development.
They may not be fully stable and should be used with caution. We make no claims about them.