Last updated on 2025-02-21 15:51:43 CET.
Flavor | Version | Tinstall | Tcheck | Ttotal | Status | Flags |
---|---|---|---|---|---|---|
r-devel-linux-x86_64-debian-clang | 0.1.0 | 6.07 | 47.55 | 53.62 | OK | |
r-devel-linux-x86_64-debian-gcc | 0.1.0 | 4.35 | 35.22 | 39.57 | OK | |
r-devel-linux-x86_64-fedora-clang | 0.1.0 | 86.42 | OK | |||
r-devel-linux-x86_64-fedora-gcc | 0.1.0 | 81.12 | OK | |||
r-devel-macos-arm64 | 0.1.0 | 28.00 | OK | |||
r-devel-macos-x86_64 | 0.1.0 | 51.00 | OK | |||
r-devel-windows-x86_64 | 0.1.0 | 6.00 | 64.00 | 70.00 | OK | |
r-patched-linux-x86_64 | 0.1.0 | 5.28 | 44.06 | 49.34 | NOTE | |
r-release-linux-x86_64 | 0.1.0 | 5.07 | 44.08 | 49.15 | NOTE | |
r-release-macos-arm64 | 0.1.0 | 32.00 | NOTE | |||
r-release-macos-x86_64 | 0.1.0 | 49.00 | NOTE | |||
r-release-windows-x86_64 | 0.1.0 | 7.00 | 5.00 | 12.00 | ERROR |
Version: 0.1.0
Check: package dependencies
Result: NOTE
Depends: includes the non-default packages:
'dplyr', 'glue', 'janitor', 'lubridate', 'readr', 'snakecase',
'stringr'
Adding so many packages to the search path is excessive and importing
selectively is preferable.
Flavors: r-patched-linux-x86_64, r-release-linux-x86_64, r-release-macos-arm64, r-release-macos-x86_64
Version: 0.1.0
Check: package dependencies
Result: ERROR
Package required and available but unsuitable version: 'methods'
Depends: includes the non-default packages:
'dplyr', 'glue', 'janitor', 'lubridate', 'readr', 'snakecase',
'stringr'
Adding so many packages to the search path is excessive and importing
selectively is preferable.
See section 'The DESCRIPTION file' in the 'Writing R Extensions'
manual.
Flavor: r-release-windows-x86_64
These binaries (installable software) and packages are in development.
They may not be fully stable and should be used with caution. We make no claims about them.