Last updated on 2025-11-12 23:50:38 CET.
| Flavor | Version | Tinstall | Tcheck | Ttotal | Status | Flags |
|---|---|---|---|---|---|---|
| r-devel-linux-x86_64-debian-clang | 1.0.1 | 39.55 | 42.60 | 82.15 | OK | |
| r-devel-linux-x86_64-debian-gcc | 1.0.1 | 33.52 | 31.91 | 65.43 | OK | |
| r-devel-linux-x86_64-fedora-clang | 1.0.1 | 122.00 | 4.51 | 126.51 | OK | |
| r-devel-linux-x86_64-fedora-gcc | 1.0.1 | 74.00 | 46.46 | 120.46 | OK | |
| r-devel-windows-x86_64 | 1.0.1 | 43.00 | 55.00 | 98.00 | OK | |
| r-patched-linux-x86_64 | 1.0.1 | 38.55 | 39.52 | 78.07 | OK | |
| r-release-linux-x86_64 | 1.0.1 | 39.74 | 39.43 | 79.17 | OK | |
| r-release-macos-arm64 | 1.0.1 | 36.00 | 38.00 | 74.00 | OK | |
| r-release-macos-x86_64 | 1.0.1 | 49.00 | 44.00 | 93.00 | OK | |
| r-release-windows-x86_64 | 1.0.1 | 41.00 | 56.00 | 97.00 | OK | |
| r-oldrel-macos-arm64 | 1.0.1 | 28.00 | 25.00 | 53.00 | NOTE | |
| r-oldrel-macos-x86_64 | 1.0.1 | 36.00 | 35.00 | 71.00 | NOTE | |
| r-oldrel-windows-x86_64 | 1.0.1 | 52.00 | 64.00 | 116.00 | NOTE |
Version: 1.0.1
Check: installed package size
Result: NOTE
installed size is 6.3Mb
sub-directories of 1Mb or more:
data 6.2Mb
Flavors: r-oldrel-macos-arm64, r-oldrel-macos-x86_64, r-oldrel-windows-x86_64
These binaries (installable software) and packages are in development.
They may not be fully stable and should be used with caution. We make no claims about them.