Last updated on 2025-05-01 15:49:25 CEST.
Flavor | Version | Tinstall | Tcheck | Ttotal | Status | Flags |
---|---|---|---|---|---|---|
r-devel-linux-x86_64-debian-clang | 1.0.1 | 39.32 | 40.44 | 79.76 | OK | |
r-devel-linux-x86_64-debian-gcc | 1.0.1 | 33.93 | 31.27 | 65.20 | OK | |
r-devel-linux-x86_64-fedora-clang | 1.0.1 | 123.66 | OK | |||
r-devel-linux-x86_64-fedora-gcc | 1.0.1 | 124.75 | OK | |||
r-devel-windows-x86_64 | 1.0.1 | 42.00 | 60.00 | 102.00 | OK | |
r-patched-linux-x86_64 | 1.0.1 | 37.13 | 38.58 | 75.71 | OK | |
r-release-linux-x86_64 | OK | |||||
r-release-macos-arm64 | 1.0.1 | 74.00 | OK | |||
r-release-macos-x86_64 | 1.0.1 | 93.00 | OK | |||
r-release-windows-x86_64 | 1.0.1 | 40.00 | 66.00 | 106.00 | OK | |
r-oldrel-macos-arm64 | 1.0.1 | 53.00 | NOTE | |||
r-oldrel-macos-x86_64 | 1.0.1 | 71.00 | NOTE | |||
r-oldrel-windows-x86_64 | 1.0.1 | 49.00 | 64.00 | 113.00 | NOTE |
Version: 1.0.1
Check: installed package size
Result: NOTE
installed size is 6.3Mb
sub-directories of 1Mb or more:
data 6.2Mb
Flavors: r-oldrel-macos-arm64, r-oldrel-macos-x86_64, r-oldrel-windows-x86_64
These binaries (installable software) and packages are in development.
They may not be fully stable and should be used with caution. We make no claims about them.