CRAN Package Check Results for Package backtest

Last updated on 2025-05-01 15:49:25 CEST.

Flavor Version Tinstall Tcheck Ttotal Status Flags
r-devel-linux-x86_64-debian-clang 0.3-4 4.29 44.68 48.97 NOTE
r-devel-linux-x86_64-debian-gcc 0.3-4 2.87 35.12 37.99 NOTE
r-devel-linux-x86_64-fedora-clang 0.3-4 74.69 OK
r-devel-linux-x86_64-fedora-gcc 0.3-4 85.85 OK
r-devel-windows-x86_64 0.3-4 4.00 87.00 91.00 OK
r-patched-linux-x86_64 0.3-4 4.11 43.19 47.30 OK
r-release-linux-x86_64 OK
r-release-macos-arm64 0.3-4 37.00 OK
r-release-macos-x86_64 0.3-4 85.00 OK
r-release-windows-x86_64 0.3-4 4.00 91.00 95.00 OK
r-oldrel-macos-arm64 0.3-4 39.00 OK
r-oldrel-macos-x86_64 0.3-4 50.00 OK
r-oldrel-windows-x86_64 0.3-4 5.00 84.00 89.00 OK

Check Details

Version: 0.3-4
Check: CRAN incoming feasibility
Result: NOTE Maintainer: ‘Daniel Gerlanc <dgerlanc@enplusadvisors.com>’ No Authors@R field in DESCRIPTION. Please add one, modifying Authors@R: c(person(given = "Jeff", family = "Enos", role = "aut", email = "jeff@kanecap.com"), person(given = "David", family = "Kane", role = "aut", email = "dave@kanecap.com"), person(given = c("with", "contributions", "from", "Kyle"), family = "Campbell", role = "aut", email = "kyle.w.campbell@williams.edu"), person(given = "Daniel", family = "Gerlanc", role = c("aut", "cre"), email = "daniel@gerlanc.com"), person(given = "Aaron", family = "Schwartz", role = "aut", email = "Aaron.J.Schwartz@williams.edu"), person(given = "Daniel", family = "Suo", role = "aut", email = "danielsuo@gmail.com"), person(given = "Alexei", family = "Colin", role = "aut", email = "acolin@fas.harvard.edu"), person(given = c("and", "Luyi"), family = "Zhao", role = "aut", email = "luyizhao@gmail.com")) as necessary. Flavors: r-devel-linux-x86_64-debian-clang, r-devel-linux-x86_64-debian-gcc

These binaries (installable software) and packages are in development.
They may not be fully stable and should be used with caution. We make no claims about them.